Last updated on 2024-04-23 12:49:30 CEST.
Flavor | Version | Tinstall | Tcheck | Ttotal | Status | Flags |
---|---|---|---|---|---|---|
r-devel-linux-x86_64-debian-clang | 1.1.4 | 8.84 | 77.26 | 86.10 | NOTE | |
r-devel-linux-x86_64-debian-gcc | 1.1.4 | 7.22 | 58.99 | 66.21 | NOTE | |
r-devel-linux-x86_64-fedora-clang | 1.1.4 | 108.22 | NOTE | |||
r-devel-linux-x86_64-fedora-gcc | 1.1.4 | 115.20 | NOTE | |||
r-prerel-macos-arm64 | 1.1.4 | 50.00 | NOTE | |||
r-prerel-windows-x86_64 | 1.1.4 | 8.00 | 99.00 | 107.00 | NOTE | |
r-patched-linux-x86_64 | 1.1.4 | 8.44 | 75.84 | 84.28 | NOTE | |
r-release-linux-x86_64 | 1.1.4 | 6.62 | 74.41 | 81.03 | OK | |
r-release-macos-arm64 | 1.1.4 | 44.00 | OK | |||
r-release-macos-x86_64 | 1.1.4 | 68.00 | OK | |||
r-release-windows-x86_64 | 1.1.4 | 13.00 | 102.00 | 115.00 | OK | |
r-oldrel-macos-arm64 | 1.1.4 | 39.00 | OK | |||
r-oldrel-windows-x86_64 | 1.1.4 | 11.00 | 107.00 | 118.00 | OK |
Version: 1.1.4
Check: Rd files
Result: NOTE
checkRd: (-1) phenowheat.Rd:18: Lost braces in \enumerate; meant \describe ?
checkRd: (-1) phenowheat.Rd:19: Lost braces in \enumerate; meant \describe ?
Flavors: r-devel-linux-x86_64-debian-clang, r-devel-linux-x86_64-debian-gcc, r-devel-linux-x86_64-fedora-clang, r-devel-linux-x86_64-fedora-gcc, r-prerel-macos-arm64, r-prerel-windows-x86_64, r-patched-linux-x86_64