CRAN Package Check Results for Package HCTR

Last updated on 2023-03-20 12:51:11 CET.

Flavor Version Tinstall Tcheck Ttotal Status Flags
r-devel-linux-x86_64-debian-clang 0.1.1 NOTE
r-devel-linux-x86_64-debian-gcc 0.1.1 7.09 67.38 74.47 NOTE
r-devel-linux-x86_64-fedora-clang 0.1.1 120.76 NOTE
r-devel-linux-x86_64-fedora-gcc 0.1.1 114.68 NOTE
r-devel-windows-x86_64 0.1.1 13.00 120.00 133.00 NOTE
r-patched-linux-x86_64 0.1.1 6.81 81.28 88.09 NOTE
r-release-linux-x86_64 0.1.1 9.10 84.00 93.10 NOTE
r-release-macos-arm64 0.1.1 34.00 NOTE
r-release-macos-x86_64 0.1.1 50.00 NOTE
r-release-windows-x86_64 0.1.1 14.00 121.00 135.00 NOTE
r-oldrel-macos-arm64 0.1.1 40.00 NOTE
r-oldrel-macos-x86_64 0.1.1 53.00 NOTE
r-oldrel-windows-ix86+x86_64 0.1.1 19.00 104.00 123.00 NOTE

Check Details

Version: 0.1.1
Check: LazyData
Result: NOTE
     'LazyData' is specified without a 'data' directory
Flavors: r-devel-linux-x86_64-debian-clang, r-devel-linux-x86_64-debian-gcc, r-devel-linux-x86_64-fedora-clang, r-devel-linux-x86_64-fedora-gcc, r-devel-windows-x86_64, r-patched-linux-x86_64, r-release-linux-x86_64, r-release-macos-arm64, r-release-macos-x86_64, r-release-windows-x86_64, r-oldrel-macos-arm64, r-oldrel-macos-x86_64, r-oldrel-windows-ix86+x86_64