CRAN Package Check Results for Package HCR

Last updated on 2023-03-29 03:53:04 CEST.

Flavor Version Tinstall Tcheck Ttotal Status Flags
r-devel-linux-x86_64-debian-clang 0.1.1 3.10 36.17 39.27 NOTE
r-devel-linux-x86_64-debian-gcc 0.1.1 2.22 26.94 29.16 NOTE
r-devel-linux-x86_64-fedora-clang 0.1.1 48.15 NOTE
r-devel-linux-x86_64-fedora-gcc 0.1.1 45.18 NOTE
r-devel-windows-x86_64 0.1.1 12.00 0.00 12.00 NOTE
r-patched-linux-x86_64 0.1.1 2.60 33.53 36.13 NOTE
r-release-linux-x86_64 0.1.1 2.75 36.21 38.96 NOTE
r-release-macos-arm64 0.1.1 18.00 NOTE
r-release-macos-x86_64 0.1.1 27.00 NOTE
r-release-windows-x86_64 0.1.1 11.00 61.00 72.00 NOTE
r-oldrel-macos-arm64 0.1.1 21.00 NOTE
r-oldrel-macos-x86_64 0.1.1 44.00 NOTE
r-oldrel-windows-ix86+x86_64 0.1.1 6.00 57.00 63.00 NOTE

Check Details

Version: 0.1.1
Check: LazyData
Result: NOTE
     'LazyData' is specified without a 'data' directory
Flavors: r-devel-linux-x86_64-debian-clang, r-devel-linux-x86_64-debian-gcc, r-devel-linux-x86_64-fedora-clang, r-devel-linux-x86_64-fedora-gcc, r-devel-windows-x86_64, r-patched-linux-x86_64, r-release-linux-x86_64, r-release-macos-arm64, r-release-macos-x86_64, r-release-windows-x86_64, r-oldrel-macos-arm64, r-oldrel-macos-x86_64, r-oldrel-windows-ix86+x86_64