CRAN Package Check Results for Package GreedyExperimentalDesign

Last updated on 2024-04-14 05:59:43 CEST.

Flavor Version Tinstall Tcheck Ttotal Status Flags
r-devel-linux-x86_64-debian-clang 1.5.6.1 48.27 111.44 159.71 NOTE
r-devel-linux-x86_64-debian-gcc 1.5.6.1 30.94 80.34 111.28 NOTE
r-devel-linux-x86_64-fedora-clang 1.5.6.1 224.55 NOTE
r-devel-linux-x86_64-fedora-gcc 1.5.6.1 191.18 NOTE
r-devel-windows-x86_64 1.5.6.1 37.00 114.00 151.00 NOTE
r-patched-linux-x86_64 1.5.6.1 29.82 103.41 133.23 NOTE
r-release-linux-x86_64 1.5.6.1 30.55 107.36 137.91 OK
r-release-macos-arm64 1.5.6.1 49.00 OK
r-release-macos-x86_64 1.5.6.1 93.00 OK
r-release-windows-x86_64 1.5.6.1 46.00 136.00 182.00 OK
r-oldrel-macos-arm64 1.5.6.1 52.00 OK
r-oldrel-windows-x86_64 1.5.6.1 43.00 125.00 168.00 OK

Check Details

Version: 1.5.6.1
Check: Rd files
Result: NOTE checkRd: (-1) greedy_orthogonalization_curation.Rd:10: Lost braces; missing escapes or markup? 10 | \item{W}{A matrix in ${-1, 1}^{R x n}$ which have R allocation vectors for an experiment of sample size n.} | ^ checkRd: (-1) greedy_orthogonalization_curation.Rd:10: Lost braces; missing escapes or markup? 10 | \item{W}{A matrix in ${-1, 1}^{R x n}$ which have R allocation vectors for an experiment of sample size n.} | ^ checkRd: (-1) greedy_orthogonalization_curation2.Rd:10: Lost braces; missing escapes or markup? 10 | \item{W}{A matrix in ${-1, 1}^{R x n}$ which have R allocation vectors for an experiment of sample size n.} | ^ checkRd: (-1) greedy_orthogonalization_curation2.Rd:10: Lost braces; missing escapes or markup? 10 | \item{W}{A matrix in ${-1, 1}^{R x n}$ which have R allocation vectors for an experiment of sample size n.} | ^ checkRd: (-1) initBinaryMatchExperimentalDesignSearch.Rd:36: Lost braces; missing escapes or markup? 36 | a search through $1_{T}$ space for pairwise match designs based on the structure computed in the function \code{computeBinaryMatchStructure}. | ^ checkRd: (-1) initGreedyExperimentalDesignObject.Rd:71: Lost braces; missing escapes or markup? 71 | a search through $1_{T}$ space for forced balance designs. For debugging, you can use set the \code{seed} | ^ checkRd: (-1) initGreedyMultipleKernelExperimentalDesignObject.Rd:82: Lost braces; missing escapes or markup? 82 | a search through $1_{T}$ space for forced balance designs. For debugging, you can use set the \code{seed} | ^ checkRd: (-1) initKarpExperimentalDesignObject.Rd:31: Lost braces; missing escapes or markup? 31 | a search through $1_{T}$ space. Note that the Karp search only works | ^ checkRd: (-1) initOptimalExperimentalDesignObject.Rd:39: Lost braces; missing escapes or markup? 39 | a search through $1_{T}$ space. Since this search takes exponential time, for most machines, | ^ checkRd: (-1) initRerandomizationExperimentalDesignObject.Rd:53: Lost braces; missing escapes or markup? 53 | a search through $1_{T}$ space for forced-balance designs. For debugging, you can use set the \code{seed} | ^ Flavors: r-devel-linux-x86_64-debian-clang, r-devel-linux-x86_64-debian-gcc, r-devel-linux-x86_64-fedora-clang, r-devel-linux-x86_64-fedora-gcc, r-devel-windows-x86_64, r-patched-linux-x86_64