Last updated on 2024-04-30 21:50:12 CEST.
Flavor | Version | Tinstall | Tcheck | Ttotal | Status | Flags |
---|---|---|---|---|---|---|
r-devel-linux-x86_64-debian-clang | 2.2.0 | 43.89 | 53.39 | 97.28 | NOTE | |
r-devel-linux-x86_64-debian-gcc | 2.2.0 | 28.99 | 38.97 | 67.96 | NOTE | |
r-devel-linux-x86_64-fedora-clang | 2.2.0 | 130.28 | NOTE | |||
r-devel-linux-x86_64-fedora-gcc | 2.2.0 | 116.50 | NOTE | |||
r-devel-windows-x86_64 | 2.2.0 | 30.00 | 78.00 | 108.00 | NOTE | |
r-patched-linux-x86_64 | 2.2.0 | 38.21 | 49.75 | 87.96 | NOTE | |
r-release-linux-x86_64 | 2.2.0 | 31.92 | 49.78 | 81.70 | NOTE | |
r-release-macos-arm64 | 2.2.0 | 33.00 | NOTE | |||
r-release-windows-x86_64 | 2.2.0 | 32.00 | 78.00 | 110.00 | NOTE | |
r-oldrel-macos-arm64 | 2.2.0 | 35.00 | NOTE | |||
r-oldrel-macos-x86_64 | 2.2.0 | 55.00 | NOTE | |||
r-oldrel-windows-x86_64 | 2.2.0 | 38.00 | 88.00 | 126.00 | NOTE |
Version: 2.2.0
Check: C++ specification
Result: NOTE
Specified C++11: please drop specification unless essential
Flavors: r-devel-linux-x86_64-debian-clang, r-devel-linux-x86_64-debian-gcc, r-devel-linux-x86_64-fedora-clang, r-devel-linux-x86_64-fedora-gcc, r-devel-windows-x86_64, r-patched-linux-x86_64, r-release-linux-x86_64, r-release-macos-arm64, r-release-windows-x86_64, r-oldrel-macos-arm64, r-oldrel-macos-x86_64, r-oldrel-windows-x86_64