CRAN Package Check Results for Package GlarmaVarSel

Last updated on 2023-09-29 12:56:58 CEST.

Flavor Version Tinstall Tcheck Ttotal Status Flags
r-devel-linux-x86_64-debian-clang 1.0 12.23 133.74 145.97 OK
r-devel-linux-x86_64-debian-gcc 1.0 8.43 98.84 107.27 OK
r-devel-linux-x86_64-fedora-clang 1.0 174.80 OK
r-devel-linux-x86_64-fedora-gcc 1.0 192.20 OK
r-devel-windows-x86_64 1.0 10.00 116.00 126.00 NOTE
r-patched-linux-x86_64 1.0 8.02 128.93 136.95 OK
r-release-linux-x86_64 1.0 10.30 130.68 140.98 OK
r-release-macos-arm64 1.0 62.00 OK
r-release-macos-x86_64 1.0 95.00 OK
r-release-windows-x86_64 1.0 15.00 141.00 156.00 NOTE
r-oldrel-macos-arm64 1.0 49.00 OK
r-oldrel-macos-x86_64 1.0 82.00 OK
r-oldrel-windows-x86_64 1.0 14.00 145.00 159.00 NOTE

Check Details

Version: 1.0
Check: package dependencies
Result: NOTE
    Package suggested but not available for checking: 'doMC'
Flavors: r-devel-windows-x86_64, r-release-windows-x86_64, r-oldrel-windows-x86_64