Last updated on 2023-09-29 12:56:58 CEST.
Flavor | Version | Tinstall | Tcheck | Ttotal | Status | Flags |
---|---|---|---|---|---|---|
r-devel-linux-x86_64-debian-clang | 0.3.0 | 90.49 | 624.38 | 714.87 | OK | |
r-devel-linux-x86_64-debian-gcc | 0.3.0 | 62.00 | 387.85 | 449.85 | OK | |
r-devel-linux-x86_64-fedora-clang | 0.3.0 | 944.89 | OK | |||
r-devel-linux-x86_64-fedora-gcc | 0.3.0 | 927.44 | OK | |||
r-devel-windows-x86_64 | 0.3.0 | 72.00 | 528.00 | 600.00 | OK | |
r-patched-linux-x86_64 | 0.3.0 | 62.62 | 589.50 | 652.12 | OK | |
r-release-linux-x86_64 | 0.3.0 | 85.56 | 593.91 | 679.47 | OK | |
r-release-macos-arm64 | 0.3.0 | 241.00 | NOTE | |||
r-release-macos-x86_64 | 0.3.0 | 422.00 | NOTE | |||
r-release-windows-x86_64 | 0.3.0 | 94.00 | 652.00 | 746.00 | OK | |
r-oldrel-macos-arm64 | 0.3.0 | 204.00 | NOTE | |||
r-oldrel-macos-x86_64 | 0.3.0 | 280.00 | NOTE | |||
r-oldrel-windows-x86_64 | 0.3.0 | 87.00 | 596.00 | 683.00 | OK |
Version: 0.3.0
Check: installed package size
Result: NOTE
installed size is 5.9Mb
sub-directories of 1Mb or more:
doc 1.7Mb
libs 3.7Mb
Flavors: r-release-macos-arm64, r-release-macos-x86_64, r-oldrel-macos-arm64, r-oldrel-macos-x86_64