Last updated on 2022-05-20 06:50:57 CEST.
Flavor | Version | Tinstall | Tcheck | Ttotal | Status | Flags |
---|---|---|---|---|---|---|
r-devel-linux-x86_64-debian-clang | 1.0.1 | 73.96 | 69.96 | 143.92 | OK | |
r-devel-linux-x86_64-debian-gcc | 1.0.1 | 70.68 | 54.29 | 124.97 | OK | |
r-devel-linux-x86_64-fedora-clang | 1.0.1 | 222.77 | NOTE | |||
r-devel-linux-x86_64-fedora-gcc | 1.0.1 | 218.56 | NOTE | |||
r-devel-windows-x86_64 | 1.0.1 | 68.00 | 139.00 | 207.00 | OK | |
r-patched-linux-x86_64 | 1.0.1 | 73.87 | 72.00 | 145.87 | OK | |
r-release-linux-x86_64 | 1.0.1 | 69.28 | 69.82 | 139.10 | OK | |
r-release-macos-arm64 | 1.0.1 | 52.00 | NOTE | |||
r-release-macos-x86_64 | 1.0.1 | 69.00 | NOTE | |||
r-release-windows-x86_64 | 1.0.1 | 72.00 | 146.00 | 218.00 | OK | |
r-oldrel-macos-arm64 | 1.0.1 | 76.00 | NOTE | |||
r-oldrel-macos-x86_64 | 1.0.1 | 137.00 | NOTE | |||
r-oldrel-windows-ix86+x86_64 | 1.0.1 | 213.00 | 143.00 | 356.00 | OK |
Version: 1.0.1
Check: compiled code
Result: NOTE
File ‘GiRaF/libs/GiRaF.so’:
Found no calls to: ‘R_registerRoutines’, ‘R_useDynamicSymbols’
It is good practice to register native routines and to disable symbol
search.
See ‘Writing portable packages’ in the ‘Writing R Extensions’ manual.
Flavors: r-devel-linux-x86_64-fedora-clang, r-devel-linux-x86_64-fedora-gcc
Version: 1.0.1
Check: installed package size
Result: NOTE
installed size is 6.8Mb
sub-directories of 1Mb or more:
libs 6.4Mb
Flavors: r-release-macos-arm64, r-release-macos-x86_64, r-oldrel-macos-arm64, r-oldrel-macos-x86_64