CRAN Package Check Results for Package GiNA

Last updated on 2020-09-24 12:50:42 CEST.

Flavor Version Tinstall Tcheck Ttotal Status Flags
r-devel-linux-x86_64-debian-clang 1.0.1 6.92 61.48 68.40 NOTE
r-devel-linux-x86_64-debian-gcc 1.0.1 5.61 49.28 54.89 NOTE
r-devel-linux-x86_64-fedora-clang 1.0.1 90.97 NOTE
r-devel-linux-x86_64-fedora-gcc 1.0.1 99.09 NOTE
r-devel-windows-ix86+x86_64 1.0.1 16.00 111.00 127.00 WARN
r-patched-linux-x86_64 1.0.1 6.81 59.02 65.83 NOTE
r-patched-solaris-x86 1.0.1 140.00 NOTE
r-release-linux-x86_64 1.0.1 6.49 58.62 65.11 NOTE
r-release-macos-x86_64 1.0.1 OK
r-release-windows-ix86+x86_64 1.0.1 13.00 115.00 128.00 WARN
r-oldrel-macos-x86_64 1.0.1 OK
r-oldrel-windows-ix86+x86_64 1.0.1 9.00 98.00 107.00 WARN

Check Details

Version: 1.0.1
Check: for non-standard things in the check directory
Result: NOTE
    Found the following files/directories:
     'Pictures_analyzed' 'cutoff_vals' 'cutoff_vals1' 'gina_cran.JPG'
Flavors: r-devel-linux-x86_64-debian-clang, r-devel-linux-x86_64-debian-gcc, r-devel-linux-x86_64-fedora-clang, r-devel-linux-x86_64-fedora-gcc, r-patched-linux-x86_64, r-patched-solaris-x86, r-release-linux-x86_64

Version: 1.0.1
Check: whether package can be installed
Result: WARN
    Found the following significant warnings:
     Warning: namespace 'Rcpp' is not available and has been replaced
Flavors: r-devel-windows-ix86+x86_64, r-release-windows-ix86+x86_64, r-oldrel-windows-ix86+x86_64

Version: 1.0.1
Check: data for non-ASCII characters
Result: WARN
     Warning: namespace 'Rcpp' is not available and has been replaced
     by .GlobalEnv when processing object '<unknown>'
     Warning: namespace 'Rcpp' is not available and has been replaced
     by .GlobalEnv when processing object '<unknown>'
     Warning: namespace 'Rcpp' is not available and has been replaced
     by .GlobalEnv when processing object '<unknown>'
     Warning: namespace 'Rcpp' is not available and has been replaced
     by .GlobalEnv when processing object '<unknown>'
Flavors: r-devel-windows-ix86+x86_64, r-release-windows-ix86+x86_64

Version: 1.0.1
Check: data for non-ASCII characters
Result: WARN
     Warning: namespace 'Rcpp' is not available and has been replaced
     by .GlobalEnv when processing object 'GINA.sample'
     Warning: namespace 'Rcpp' is not available and has been replaced
     by .GlobalEnv when processing object 'GINA.sample'
Flavor: r-oldrel-windows-ix86+x86_64