Last updated on 2023-09-23 11:50:17 CEST.
Flavor | Version | Tinstall | Tcheck | Ttotal | Status | Flags |
---|---|---|---|---|---|---|
r-devel-linux-x86_64-debian-clang | 2.0.0 | 88.94 | 64.48 | 153.42 | OK | |
r-devel-linux-x86_64-debian-gcc | 2.0.0 | 82.28 | 51.40 | 133.68 | OK | |
r-devel-linux-x86_64-fedora-clang | 2.0.0 | 181.76 | OK | |||
r-devel-linux-x86_64-fedora-gcc | 2.0.0 | 230.01 | OK | |||
r-devel-windows-x86_64 | 2.0.0 | 59.00 | 85.00 | 144.00 | NOTE | |
r-patched-linux-x86_64 | 2.0.0 | 70.32 | 63.06 | 133.38 | OK | |
r-release-linux-x86_64 | 2.0.0 | 66.03 | 63.81 | 129.84 | OK | |
r-release-macos-arm64 | 2.0.0 | 59.00 | NOTE | |||
r-release-macos-x86_64 | 2.0.0 | 137.00 | NOTE | |||
r-release-windows-x86_64 | 2.0.0 | 83.00 | 107.00 | 190.00 | NOTE | |
r-oldrel-macos-arm64 | 2.0.0 | 56.00 | NOTE | |||
r-oldrel-macos-x86_64 | 2.0.0 | 81.00 | NOTE | |||
r-oldrel-windows-x86_64 | 2.0.0 | 73.00 | 99.00 | 172.00 | NOTE |
Version: 2.0.0
Check: installed package size
Result: NOTE
installed size is 13.5Mb
sub-directories of 1Mb or more:
libs 12.8Mb
Flavors: r-devel-windows-x86_64, r-release-macos-arm64, r-release-macos-x86_64, r-release-windows-x86_64, r-oldrel-macos-arm64, r-oldrel-macos-x86_64, r-oldrel-windows-x86_64