Last updated on 2023-03-28 21:53:58 CEST.
Flavor | Version | Tinstall | Tcheck | Ttotal | Status | Flags |
---|---|---|---|---|---|---|
r-devel-linux-x86_64-debian-clang | 0.5-2 | 40.90 | 128.34 | 169.24 | OK | |
r-devel-linux-x86_64-debian-gcc | 0.5-2 | 30.20 | 97.88 | 128.08 | OK | |
r-devel-linux-x86_64-fedora-clang | 0.5-2 | 227.96 | OK | |||
r-devel-linux-x86_64-fedora-gcc | 0.5-2 | 231.37 | OK | |||
r-patched-linux-x86_64 | 0.5-2 | 43.68 | 124.54 | 168.22 | OK | |
r-release-linux-x86_64 | 0.5-2 | 36.10 | 122.76 | 158.86 | OK | |
r-release-macos-arm64 | 0.5-2 | 56.00 | OK | |||
r-release-macos-x86_64 | 0.5-2 | 78.00 | NOTE | |||
r-release-windows-x86_64 | 0.5-2 | 187.00 | 185.00 | 372.00 | OK | |
r-oldrel-macos-arm64 | 0.5-2 | 46.00 | OK | |||
r-oldrel-macos-x86_64 | 0.5-2 | 83.00 | NOTE | |||
r-oldrel-windows-ix86+x86_64 | 0.5-2 | 96.00 | 221.00 | 317.00 | OK |
Version: 0.5-2
Check: installed package size
Result: NOTE
installed size is 5.2Mb
sub-directories of 1Mb or more:
doc 1.4Mb
libs 3.6Mb
Flavors: r-release-macos-x86_64, r-oldrel-macos-x86_64