CRAN Package Check Results for Package GenEst

Last updated on 2022-05-24 06:50:41 CEST.

Flavor Version Tinstall Tcheck Ttotal Status Flags
r-devel-linux-x86_64-debian-clang 1.4.6 35.79 269.87 305.66 OK
r-devel-linux-x86_64-debian-gcc 1.4.6 34.20 195.77 229.97 OK
r-devel-linux-x86_64-fedora-clang 1.4.6 386.70 NOTE
r-devel-linux-x86_64-fedora-gcc 1.4.6 392.16 NOTE
r-devel-windows-x86_64 1.4.6 114.00 317.00 431.00 OK
r-patched-linux-x86_64 1.4.6 33.36 261.31 294.67 OK
r-release-linux-x86_64 1.4.6 OK
r-release-macos-arm64 1.4.6 98.00 NOTE
r-release-macos-x86_64 1.4.6 200.00 NOTE
r-release-windows-x86_64 1.4.6 97.00 310.00 407.00 OK
r-oldrel-macos-arm64 1.4.6 98.00 NOTE
r-oldrel-macos-x86_64 1.4.6 130.00 NOTE
r-oldrel-windows-ix86+x86_64 1.4.6 84.00 361.00 445.00 OK

Check Details

Version: 1.4.6
Check: dependencies in R code
Result: NOTE
    Namespace in Imports field not imported from: ‘htmlwidgets’
     All declared Imports should be used.
Flavors: r-devel-linux-x86_64-fedora-clang, r-devel-linux-x86_64-fedora-gcc, r-release-macos-arm64, r-release-macos-x86_64, r-oldrel-macos-arm64, r-oldrel-macos-x86_64