CRAN Package Check Results for Package GenBinomApps

Last updated on 2024-05-29 11:52:36 CEST.

Flavor Version Tinstall Tcheck Ttotal Status Flags
r-devel-linux-x86_64-debian-clang 1.2.1 2.05 26.99 29.04 OK
r-devel-linux-x86_64-debian-gcc 1.2.1 1.47 20.63 22.10 OK
r-devel-linux-x86_64-fedora-clang 1.2.1 38.77 NOTE
r-devel-linux-x86_64-fedora-gcc 1.2.1 35.12 OK
r-devel-windows-x86_64 1.2.1 3.00 48.00 51.00 OK
r-patched-linux-x86_64 1.2.1 2.62 26.02 28.64 OK
r-release-linux-x86_64 1.2.1 2.42 26.91 29.33 OK
r-release-macos-arm64 1.2.1 16.00 OK
r-release-macos-x86_64 1.2.1 52.00 OK
r-release-windows-x86_64 1.2.1 3.00 48.00 51.00 OK
r-oldrel-macos-arm64 1.2.1 35.00 OK
r-oldrel-macos-x86_64 1.2.1 53.00 OK
r-oldrel-windows-x86_64 1.2.1 5.00 52.00 57.00 OK

Check Details

Version: 1.2.1
Check: Rd cross-references
Result: NOTE Undeclared package ‘poibin’ in Rd xrefs Flavor: r-devel-linux-x86_64-fedora-clang