Last updated on 2023-03-27 12:54:21 CEST.
Flavor | Version | Tinstall | Tcheck | Ttotal | Status | Flags |
---|---|---|---|---|---|---|
r-devel-linux-x86_64-debian-clang | 2.2.0 | 3.37 | 41.96 | 45.33 | OK | |
r-devel-linux-x86_64-debian-gcc | 2.2.0 | 2.52 | 32.82 | 35.34 | OK | |
r-devel-linux-x86_64-fedora-clang | 2.2.0 | 59.84 | NOTE | |||
r-devel-linux-x86_64-fedora-gcc | 2.2.0 | 69.14 | NOTE | |||
r-devel-windows-x86_64 | 2.2.0 | 17.00 | 88.00 | 105.00 | OK | |
r-patched-linux-x86_64 | 2.2.0 | 3.45 | 41.07 | 44.52 | OK | |
r-release-linux-x86_64 | 2.2.0 | 2.79 | 42.62 | 45.41 | OK | |
r-release-macos-arm64 | 2.2.0 | 26.00 | NOTE | |||
r-release-macos-x86_64 | 2.2.0 | 36.00 | NOTE | |||
r-release-windows-x86_64 | 2.2.0 | 17.00 | 93.00 | 110.00 | OK | |
r-oldrel-macos-arm64 | 2.2.0 | 34.00 | NOTE | |||
r-oldrel-macos-x86_64 | 2.2.0 | 46.00 | NOTE | |||
r-oldrel-windows-ix86+x86_64 | 2.2.0 | 8.00 | 76.00 | 84.00 | OK |
Version: 2.2.0
Check: data for non-ASCII characters
Result: NOTE
Note: found 17 marked UTF-8 strings
Flavors: r-devel-linux-x86_64-fedora-clang, r-devel-linux-x86_64-fedora-gcc, r-release-macos-arm64, r-release-macos-x86_64, r-oldrel-macos-arm64, r-oldrel-macos-x86_64