CRAN Package Check Results for Package GeNetIt

Last updated on 2023-02-03 02:51:22 CET.

Flavor Version Tinstall Tcheck Ttotal Status Flags
r-devel-linux-x86_64-debian-clang 0.1-4 4.43 47.40 51.83 OK
r-devel-linux-x86_64-debian-gcc 0.1-4 4.11 35.92 40.03 OK
r-devel-linux-x86_64-fedora-clang 0.1-4 65.92 NOTE
r-devel-linux-x86_64-fedora-gcc 0.1-4 67.59 NOTE
r-devel-windows-x86_64 0.1-4 20.00 82.00 102.00 OK
r-patched-linux-x86_64 0.1-4 4.56 45.52 50.08 OK
r-release-linux-x86_64 0.1-4 5.03 47.59 52.62 OK
r-release-macos-arm64 0.1-4 26.00 NOTE
r-release-macos-x86_64 0.1-4 35.00 NOTE
r-release-windows-x86_64 0.1-4 17.00 80.00 97.00 OK
r-oldrel-macos-arm64 0.1-4 28.00 NOTE
r-oldrel-macos-x86_64 0.1-4 37.00 NOTE
r-oldrel-windows-ix86+x86_64 0.1-4 11.00 78.00 89.00 OK

Additional issues

donttest

Check Details

Version: 0.1-4
Check: dependencies in R code
Result: NOTE
    Namespace in Imports field not imported from: ‘rgeos’
     All declared Imports should be used.
Flavors: r-devel-linux-x86_64-fedora-clang, r-devel-linux-x86_64-fedora-gcc, r-release-macos-arm64, r-release-macos-x86_64, r-oldrel-macos-arm64, r-oldrel-macos-x86_64