Last updated on 2024-03-29 12:54:05 CET.
Flavor | Version | Tinstall | Tcheck | Ttotal | Status | Flags |
---|---|---|---|---|---|---|
r-devel-linux-x86_64-debian-clang | 1.1.1 | 3.15 | 25.33 | 28.48 | NOTE | |
r-devel-linux-x86_64-debian-gcc | 1.1.1 | 2.85 | 19.36 | 22.21 | NOTE | |
r-devel-linux-x86_64-fedora-clang | 1.1.1 | 35.59 | NOTE | |||
r-devel-linux-x86_64-fedora-gcc | 1.1.1 | 36.08 | NOTE | |||
r-devel-windows-x86_64 | 1.1.1 | 6.00 | 45.00 | 51.00 | NOTE | |
r-patched-linux-x86_64 | 1.1.1 | 3.90 | 23.77 | 27.67 | NOTE | |
r-release-linux-x86_64 | 1.1.1 | 3.12 | 23.87 | 26.99 | OK | |
r-release-macos-arm64 | 1.1.1 | 18.00 | OK | |||
r-release-macos-x86_64 | 1.1.1 | 34.00 | OK | |||
r-release-windows-x86_64 | 1.1.1 | 7.00 | 44.00 | 51.00 | OK | |
r-oldrel-macos-arm64 | 1.1.1 | 18.00 | OK | |||
r-oldrel-windows-x86_64 | 1.1.1 | 6.00 | 47.00 | 53.00 | OK |
Version: 1.1.1
Check: Rd files
Result: NOTE
checkRd: (-1) Sim.Markov.Chain.Rd:14: Lost braces; missing escapes or markup?
14 | \item{eta0}{inital value in {1,...,r}.}
| ^
Flavors: r-devel-linux-x86_64-debian-clang, r-devel-linux-x86_64-debian-gcc, r-devel-linux-x86_64-fedora-clang, r-devel-linux-x86_64-fedora-gcc, r-devel-windows-x86_64, r-patched-linux-x86_64