Last updated on 2022-06-28 21:51:23 CEST.
Flavor | Version | Tinstall | Tcheck | Ttotal | Status | Flags |
---|---|---|---|---|---|---|
r-devel-linux-x86_64-debian-clang | 0.0.4 | 26.29 | 250.87 | 277.16 | NOTE | |
r-devel-linux-x86_64-debian-gcc | 0.0.4 | 22.15 | 181.59 | 203.74 | NOTE | |
r-devel-linux-x86_64-fedora-clang | 0.0.4 | 327.66 | NOTE | |||
r-devel-linux-x86_64-fedora-gcc | 0.0.4 | 342.03 | NOTE | |||
r-devel-windows-x86_64 | 0.0.4 | 26.00 | 257.00 | 283.00 | NOTE | |
r-patched-linux-x86_64 | 0.0.4 | 24.37 | 241.73 | 266.10 | NOTE | |
r-release-linux-x86_64 | 0.0.4 | 21.10 | 243.68 | 264.78 | NOTE | |
r-release-macos-arm64 | 0.0.4 | 61.00 | NOTE | |||
r-release-macos-x86_64 | 0.0.4 | 99.00 | NOTE | |||
r-release-windows-x86_64 | 0.0.4 | 27.00 | 242.00 | 269.00 | NOTE | |
r-oldrel-macos-arm64 | 0.0.4 | 42.00 | NOTE | |||
r-oldrel-macos-x86_64 | 0.0.4 | 68.00 | NOTE | |||
r-oldrel-windows-ix86+x86_64 | 0.0.4 | 57.00 | 244.00 | 301.00 | NOTE |
Version: 0.0.4
Check: LazyData
Result: NOTE
'LazyData' is specified without a 'data' directory
Flavors: r-devel-linux-x86_64-debian-clang, r-devel-linux-x86_64-debian-gcc, r-devel-linux-x86_64-fedora-clang, r-devel-linux-x86_64-fedora-gcc, r-devel-windows-x86_64, r-patched-linux-x86_64, r-release-linux-x86_64, r-release-macos-arm64, r-release-macos-x86_64, r-release-windows-x86_64, r-oldrel-macos-arm64, r-oldrel-macos-x86_64, r-oldrel-windows-ix86+x86_64
Version: 0.0.4
Check: dependencies in R code
Result: NOTE
Namespace in Imports field not imported from: ‘sf’
All declared Imports should be used.
Flavors: r-devel-linux-x86_64-fedora-clang, r-devel-linux-x86_64-fedora-gcc, r-release-macos-arm64, r-release-macos-x86_64, r-oldrel-macos-arm64, r-oldrel-macos-x86_64