CRAN Package Check Results for Package GWmodel

Last updated on 2020-06-03 06:48:33 CEST.

Flavor Version Tinstall Tcheck Ttotal Status Flags
r-devel-linux-x86_64-debian-clang 2.1-4 65.56 200.20 265.76 OK
r-devel-linux-x86_64-debian-gcc 2.1-4 55.13 153.82 208.95 OK
r-devel-linux-x86_64-fedora-clang 2.1-4 344.53 NOTE
r-devel-linux-x86_64-fedora-gcc 2.1-4 325.21 OK
r-devel-windows-ix86+x86_64 2.1-4 173.00 302.00 475.00 NOTE
r-patched-linux-x86_64 2.1-4 61.53 201.33 262.86 OK
r-patched-solaris-x86 2.1-4 451.60 NOTE
r-release-linux-x86_64 2.1-4 63.55 199.69 263.24 OK
r-release-osx-x86_64 2.1-4 NOTE
r-release-windows-ix86+x86_64 2.1-4 131.00 328.00 459.00 NOTE
r-oldrel-osx-x86_64 2.1-4 NOTE
r-oldrel-windows-ix86+x86_64 2.1-4 123.00 292.00 415.00 NOTE

Check Details

Version: 2.1-4
Check: installed package size
Result: NOTE
     installed size is 8.4Mb
     sub-directories of 1Mb or more:
     data 3.9Mb
     libs 3.7Mb
Flavors: r-devel-linux-x86_64-fedora-clang, r-devel-windows-ix86+x86_64, r-patched-solaris-x86, r-release-osx-x86_64, r-release-windows-ix86+x86_64, r-oldrel-osx-x86_64, r-oldrel-windows-ix86+x86_64