CRAN Package Check Results for Package GTDL

Last updated on 2023-11-28 12:51:28 CET.

Flavor Version Tinstall Tcheck Ttotal Status Flags
r-devel-linux-x86_64-debian-clang 1.0.0 5.76 87.72 93.48 NOTE
r-devel-linux-x86_64-debian-gcc 1.0.0 5.72 64.25 69.97 NOTE
r-devel-linux-x86_64-fedora-clang 1.0.0 112.57 OK
r-devel-linux-x86_64-fedora-gcc 1.0.0 111.65 OK
r-devel-windows-x86_64 1.0.0 7.00 78.00 85.00 OK
r-patched-linux-x86_64 1.0.0 6.56 86.75 93.31 OK
r-release-linux-x86_64 1.0.0 7.41 85.23 92.64 OK
r-release-macos-arm64 1.0.0 35.00 OK
r-release-macos-x86_64 1.0.0 59.00 OK
r-release-windows-x86_64 1.0.0 8.00 91.00 99.00 OK
r-oldrel-macos-arm64 1.0.0 35.00 OK
r-oldrel-macos-x86_64 1.0.0 47.00 OK
r-oldrel-windows-x86_64 1.0.0 9.00 91.00 100.00 OK

Check Details

Version: 1.0.0
Check: Rd files
Result: NOTE checkRd: (-1) artset1987.Rd:10: Lost braces in \itemize; meant \describe ? checkRd: (-1) tumor.Rd:10: Lost braces in \itemize; meant \describe ? checkRd: (-1) tumor.Rd:11: Lost braces in \itemize; meant \describe ? checkRd: (-1) tumor.Rd:12: Lost braces in \itemize; meant \describe ? Flavors: r-devel-linux-x86_64-debian-clang, r-devel-linux-x86_64-debian-gcc