Last updated on 2023-03-21 03:54:24 CET.
Flavor | Version | Tinstall | Tcheck | Ttotal | Status | Flags |
---|---|---|---|---|---|---|
r-devel-linux-x86_64-debian-clang | 4.2-1 | OK | ||||
r-devel-linux-x86_64-debian-gcc | 4.2-1 | 77.46 | 62.39 | 139.85 | OK | |
r-devel-linux-x86_64-fedora-clang | 4.2-1 | 252.95 | OK | |||
r-devel-linux-x86_64-fedora-gcc | 4.2-1 | 228.24 | OK | |||
r-devel-windows-x86_64 | 4.2-1 | 90.00 | 130.00 | 220.00 | OK | |
r-patched-linux-x86_64 | 4.2-1 | 76.77 | 77.43 | 154.20 | OK | |
r-release-linux-x86_64 | 4.2-1 | 77.01 | 76.93 | 153.94 | OK | |
r-release-macos-arm64 | 4.2-1 | 61.00 | NOTE | |||
r-release-macos-x86_64 | 4.2-1 | 81.00 | OK | |||
r-release-windows-x86_64 | 4.2-1 | 85.00 | 144.00 | 229.00 | OK | |
r-oldrel-macos-arm64 | 4.2-1 | 65.00 | NOTE | |||
r-oldrel-macos-x86_64 | 4.2-1 | 83.00 | OK | |||
r-oldrel-windows-ix86+x86_64 | 4.2-1 | 220.00 | 144.00 | 364.00 | OK |
Version: 4.2-1
Check: installed package size
Result: NOTE
installed size is 5.2Mb
sub-directories of 1Mb or more:
libs 4.7Mb
Flavors: r-release-macos-arm64, r-oldrel-macos-arm64