CRAN Package Check Results for Package GPrank

Last updated on 2020-09-24 12:50:42 CEST.

Flavor Version Tinstall Tcheck Ttotal Status Flags
r-devel-linux-x86_64-debian-clang 0.1.4 11.17 131.07 142.24 NOTE
r-devel-linux-x86_64-debian-gcc 0.1.4 9.18 100.34 109.52 NOTE
r-devel-linux-x86_64-fedora-clang 0.1.4 177.54 NOTE
r-devel-linux-x86_64-fedora-gcc 0.1.4 200.28 NOTE
r-devel-windows-ix86+x86_64 0.1.4 26.00 175.00 201.00 OK
r-patched-linux-x86_64 0.1.4 11.13 125.20 136.33 NOTE
r-patched-solaris-x86 0.1.4 222.10 NOTE
r-release-linux-x86_64 0.1.4 9.84 124.58 134.42 NOTE
r-release-macos-x86_64 0.1.4 OK
r-release-windows-ix86+x86_64 0.1.4 32.00 171.00 203.00 OK
r-oldrel-macos-x86_64 0.1.4 OK
r-oldrel-windows-ix86+x86_64 0.1.4 15.00 149.00 164.00 OK

Check Details

Version: 0.1.4
Check: for non-standard things in the check directory
Result: NOTE
    Found the following files/directories:
     'geneA_GPprofile.pdf' 'geneA_abstr.png' 'geneA_gene.png'
     'geneA_reltr.png' 'geneB_abstr.png' 'geneB_gene.png'
     'geneB_reltr.png' 'geneC_abstr.png' 'geneC_gene.png'
     'geneC_reltr.png' 'testdb.sqlite'
Flavors: r-devel-linux-x86_64-debian-clang, r-devel-linux-x86_64-debian-gcc, r-devel-linux-x86_64-fedora-clang, r-devel-linux-x86_64-fedora-gcc, r-patched-linux-x86_64, r-patched-solaris-x86, r-release-linux-x86_64