CRAN Package Check Results for Package GPBayes

Last updated on 2022-01-26 06:50:16 CET.

Flavor Version Tinstall Tcheck Ttotal Status Flags
r-devel-linux-x86_64-debian-clang 0.1.0-3 202.31 51.68 253.99 OK
r-devel-linux-x86_64-debian-gcc 0.1.0-3 157.52 42.77 200.29 OK
r-devel-linux-x86_64-fedora-clang 0.1.0-3 368.53 NOTE
r-devel-linux-x86_64-fedora-gcc 0.1.0-3 351.81 OK
r-devel-windows-x86_64-new-UL 0.1.0-3 141.00 102.00 243.00 OK
r-devel-windows-x86_64-new-TK 0.1.0-3 OK
r-patched-linux-x86_64 0.1.0-3 183.24 51.94 235.18 OK
r-release-linux-x86_64 0.1.0-3 179.29 51.34 230.63 OK
r-release-macos-arm64 0.1.0-3 NOTE
r-release-macos-x86_64 0.1.0-3 NOTE
r-release-windows-ix86+x86_64 0.1.0-3 360.00 97.00 457.00 OK
r-oldrel-macos-x86_64 0.1.0-3 NOTE
r-oldrel-windows-ix86+x86_64 0.1.0-3 361.00 94.00 455.00 OK

Check Details

Version: 0.1.0-3
Check: installed package size
Result: NOTE
     installed size is 30.3Mb
     sub-directories of 1Mb or more:
     libs 29.9Mb
Flavors: r-devel-linux-x86_64-fedora-clang, r-release-macos-arm64, r-release-macos-x86_64, r-oldrel-macos-x86_64