Last updated on 2024-03-29 06:56:28 CET.
Flavor | Version | Tinstall | Tcheck | Ttotal | Status | Flags |
---|---|---|---|---|---|---|
r-devel-linux-x86_64-debian-clang | 0.3.4 | 5.08 | 54.81 | 59.89 | OK | |
r-devel-linux-x86_64-debian-gcc | 0.3.4 | 4.78 | 42.28 | 47.06 | OK | |
r-devel-linux-x86_64-fedora-clang | 0.3.4 | 72.69 | NOTE | |||
r-devel-linux-x86_64-fedora-gcc | 0.3.4 | 83.54 | NOTE | |||
r-devel-windows-x86_64 | 0.3.4 | 4.00 | 78.00 | 82.00 | OK | |
r-patched-linux-x86_64 | 0.3.4 | 5.25 | 54.40 | 59.65 | OK | |
r-release-linux-x86_64 | 0.3.4 | 4.36 | 52.74 | 57.10 | OK | |
r-release-macos-arm64 | 0.3.4 | 62.00 | OK | |||
r-release-macos-x86_64 | 0.3.4 | 73.00 | OK | |||
r-release-windows-x86_64 | 0.3.4 | 5.00 | 84.00 | 89.00 | OK | |
r-oldrel-macos-arm64 | 0.3.4 | 59.00 | NOTE | |||
r-oldrel-windows-x86_64 | 0.3.4 | 5.00 | 94.00 | 99.00 | OK |
Version: 0.3.4
Check: data for non-ASCII characters
Result: NOTE
Note: found 3 marked UTF-8 strings
Flavors: r-devel-linux-x86_64-fedora-clang, r-devel-linux-x86_64-fedora-gcc, r-oldrel-macos-arm64