CRAN Package Check Results for Package GMPro

Last updated on 2022-01-26 11:53:39 CET.

Flavor Version Tinstall Tcheck Ttotal Status Flags
r-devel-linux-x86_64-debian-clang 0.1.0 4.20 72.17 76.37 NOTE
r-devel-linux-x86_64-debian-gcc 0.1.0 3.19 54.93 58.12 NOTE
r-devel-linux-x86_64-fedora-clang 0.1.0 90.16 NOTE
r-devel-linux-x86_64-fedora-gcc 0.1.0 79.42 NOTE
r-devel-windows-x86_64-new-UL 0.1.0 20.00 93.00 113.00 NOTE
r-devel-windows-x86_64-new-TK 0.1.0 NOTE
r-patched-linux-x86_64 0.1.0 3.05 66.45 69.50 NOTE
r-release-linux-x86_64 0.1.0 3.79 66.42 70.21 NOTE
r-release-macos-arm64 0.1.0 NOTE
r-release-macos-x86_64 0.1.0 NOTE
r-release-windows-ix86+x86_64 0.1.0 13.00 82.00 95.00 NOTE
r-oldrel-macos-x86_64 0.1.0 OK
r-oldrel-windows-ix86+x86_64 0.1.0 13.00 81.00 94.00 OK

Check Details

Version: 0.1.0
Check: LazyData
Result: NOTE
     'LazyData' is specified without a 'data' directory
Flavors: r-devel-linux-x86_64-debian-clang, r-devel-linux-x86_64-debian-gcc, r-devel-linux-x86_64-fedora-clang, r-devel-linux-x86_64-fedora-gcc, r-devel-windows-x86_64-new-UL, r-devel-windows-x86_64-new-TK, r-patched-linux-x86_64, r-release-linux-x86_64, r-release-macos-arm64, r-release-macos-x86_64, r-release-windows-ix86+x86_64