Last updated on 2024-04-24 12:56:35 CEST.
Flavor | Version | Tinstall | Tcheck | Ttotal | Status | Flags |
---|---|---|---|---|---|---|
r-devel-linux-x86_64-debian-clang | 0.1.0 | 4.47 | 70.87 | 75.34 | NOTE | |
r-devel-linux-x86_64-debian-gcc | 0.1.0 | 4.07 | 51.52 | 55.59 | NOTE | |
r-devel-linux-x86_64-fedora-clang | 0.1.0 | 92.26 | NOTE | |||
r-devel-linux-x86_64-fedora-gcc | 0.1.0 | 86.79 | NOTE | |||
r-devel-windows-x86_64 | 0.1.0 | 6.00 | 67.00 | 73.00 | NOTE | |
r-patched-linux-x86_64 | 0.1.0 | 5.43 | 66.42 | 71.85 | NOTE | |
r-release-linux-x86_64 | 0.1.0 | 4.46 | 65.74 | 70.20 | NOTE | |
r-release-macos-arm64 | 0.1.0 | 27.00 | NOTE | |||
r-release-windows-x86_64 | 0.1.0 | 5.00 | 65.00 | 70.00 | NOTE | |
r-oldrel-macos-arm64 | 0.1.0 | 27.00 | NOTE | |||
r-oldrel-macos-x86_64 | 0.1.0 | 43.00 | NOTE | |||
r-oldrel-windows-x86_64 | 0.1.0 | 7.00 | 83.00 | 90.00 | NOTE |
Version: 0.1.0
Check: LazyData
Result: NOTE
'LazyData' is specified without a 'data' directory
Flavors: r-devel-linux-x86_64-debian-clang, r-devel-linux-x86_64-debian-gcc, r-devel-linux-x86_64-fedora-clang, r-devel-linux-x86_64-fedora-gcc, r-devel-windows-x86_64, r-patched-linux-x86_64, r-release-linux-x86_64, r-release-macos-arm64, r-release-windows-x86_64, r-oldrel-macos-arm64, r-oldrel-macos-x86_64, r-oldrel-windows-x86_64