Last updated on 2023-10-04 20:42:29 CEST.
Flavor | Version | Tinstall | Tcheck | Ttotal | Status | Flags |
---|---|---|---|---|---|---|
r-devel-linux-x86_64-debian-clang | 1.4.0 | 82.61 | 543.38 | 625.99 | OK | |
r-devel-linux-x86_64-debian-gcc | 1.4.0 | 65.47 | 418.79 | 484.26 | OK | |
r-devel-linux-x86_64-fedora-clang | 1.4.0 | 3.40 | ERROR | |||
r-devel-linux-x86_64-fedora-gcc | 1.4.0 | 892.54 | OK | |||
r-devel-windows-x86_64 | 1.4.0 | 81.00 | 482.00 | 563.00 | NOTE | |
r-patched-linux-x86_64 | 1.4.0 | 75.98 | 543.62 | 619.60 | OK | |
r-release-linux-x86_64 | 1.4.0 | 78.45 | 537.82 | 616.27 | OK | |
r-release-macos-arm64 | 1.4.0 | 401.00 | NOTE | |||
r-release-macos-x86_64 | 1.4.0 | 8.00 | ERROR | |||
r-release-windows-x86_64 | 1.4.0 | 101.00 | 551.00 | 652.00 | NOTE | |
r-oldrel-macos-arm64 | 1.4.0 | 8.00 | ERROR | |||
r-oldrel-macos-x86_64 | 1.4.0 | 443.00 | NOTE | |||
r-oldrel-windows-x86_64 | 1.4.0 | 87.00 | 534.00 | 621.00 | NOTE |
Version: 1.4.0
Check: package dependencies
Result: ERROR
Package required but not available: ‘SeqArray’
See section ‘The DESCRIPTION file’ in the ‘Writing R Extensions’
manual.
Flavors: r-devel-linux-x86_64-fedora-clang, r-oldrel-macos-arm64
Version: 1.4.0
Check: package dependencies
Result: NOTE
Package suggested but not available for checking: 'doMC'
Flavors: r-devel-windows-x86_64, r-release-windows-x86_64, r-oldrel-windows-x86_64
Version: 1.4.0
Check: installed package size
Result: NOTE
installed size is 8.1Mb
sub-directories of 1Mb or more:
libs 6.1Mb
Flavors: r-release-macos-arm64, r-oldrel-macos-x86_64
Version: 1.4.0
Check: package dependencies
Result: ERROR
Package required but not available: ‘SeqVarTools’
See section ‘The DESCRIPTION file’ in the ‘Writing R Extensions’
manual.
Flavor: r-release-macos-x86_64