Last updated on 2024-04-19 11:56:47 CEST.
Flavor | Version | Tinstall | Tcheck | Ttotal | Status | Flags |
---|---|---|---|---|---|---|
r-devel-linux-x86_64-debian-clang | 1.1.5 | 169.77 | 66.47 | 236.24 | NOTE | |
r-devel-linux-x86_64-debian-gcc | 1.1.5 | NOTE | ||||
r-devel-linux-x86_64-fedora-clang | 1.1.5 | 340.58 | NOTE | |||
r-devel-linux-x86_64-fedora-gcc | 1.1.5 | 374.34 | NOTE | |||
r-prerel-macos-arm64 | 1.1.5 | 80.00 | NOTE | |||
r-prerel-windows-x86_64 | 1.1.5 | 146.00 | 101.00 | 247.00 | NOTE | |
r-patched-linux-x86_64 | 1.1.5 | 178.23 | 66.25 | 244.48 | NOTE | |
r-release-linux-x86_64 | 1.1.5 | 165.09 | 64.04 | 229.13 | NOTE | |
r-release-macos-arm64 | 1.1.5 | 91.00 | NOTE | |||
r-release-macos-x86_64 | 1.1.5 | 171.00 | NOTE | |||
r-release-windows-x86_64 | 1.1.5 | 164.00 | 111.00 | 275.00 | NOTE | |
r-oldrel-macos-arm64 | 1.1.5 | 84.00 | NOTE | |||
r-oldrel-windows-x86_64 | 1.1.5 | 167.00 | 105.00 | 272.00 | NOTE |
Version: 1.1.5
Check: C++ specification
Result: NOTE
Specified C++11: please drop specification unless essential
Flavors: r-devel-linux-x86_64-debian-clang, r-devel-linux-x86_64-debian-gcc, r-devel-linux-x86_64-fedora-clang, r-devel-linux-x86_64-fedora-gcc, r-prerel-macos-arm64, r-prerel-windows-x86_64, r-patched-linux-x86_64, r-release-linux-x86_64, r-release-macos-arm64, r-release-macos-x86_64, r-release-windows-x86_64
Version: 1.1.5
Check: for GNU extensions in Makefiles
Result: NOTE
GNU make is a SystemRequirements.
Flavors: r-devel-linux-x86_64-debian-clang, r-devel-linux-x86_64-debian-gcc, r-devel-linux-x86_64-fedora-clang, r-devel-linux-x86_64-fedora-gcc, r-prerel-macos-arm64, r-prerel-windows-x86_64, r-patched-linux-x86_64, r-release-linux-x86_64, r-release-macos-arm64, r-release-macos-x86_64, r-release-windows-x86_64, r-oldrel-macos-arm64, r-oldrel-windows-x86_64
Version: 1.1.5
Check: installed package size
Result: NOTE
installed size is 9.6Mb
sub-directories of 1Mb or more:
libs 9.5Mb
Flavors: r-prerel-macos-arm64, r-release-macos-arm64, r-release-macos-x86_64, r-oldrel-macos-arm64