CRAN Package Check Results for Package GLMpack

Last updated on 2023-03-28 12:54:42 CEST.

Flavor Version Tinstall Tcheck Ttotal Status Flags
r-devel-linux-x86_64-debian-clang 0.1.0 2.14 38.91 41.05 OK
r-devel-linux-x86_64-debian-gcc 0.1.0 2.15 29.25 31.40 OK
r-devel-linux-x86_64-fedora-clang 0.1.0 51.94 NOTE
r-devel-linux-x86_64-fedora-gcc 0.1.0 49.88 NOTE
r-patched-linux-x86_64 0.1.0 2.72 37.50 40.22 OK
r-release-linux-x86_64 0.1.0 1.90 37.87 39.77 OK
r-release-macos-arm64 0.1.0 21.00 NOTE
r-release-macos-x86_64 0.1.0 32.00 NOTE
r-release-windows-x86_64 0.1.0 19.00 72.00 91.00 OK
r-oldrel-macos-arm64 0.1.0 30.00 NOTE
r-oldrel-macos-x86_64 0.1.0 35.00 NOTE
r-oldrel-windows-ix86+x86_64 0.1.0 8.00 68.00 76.00 OK

Check Details

Version: 0.1.0
Check: dependencies in R code
Result: NOTE
    Namespaces in Imports field not imported from:
     ‘AER’ ‘MASS’ ‘Matrix’ ‘censReg’ ‘effects’ ‘foreign’ ‘lme4’ ‘lmtest’
     ‘nnet’ ‘pBrackets’ ‘plm’ ‘pscl’ ‘sandwich’
     All declared Imports should be used.
Flavors: r-devel-linux-x86_64-fedora-clang, r-devel-linux-x86_64-fedora-gcc, r-release-macos-arm64, r-release-macos-x86_64, r-oldrel-macos-arm64, r-oldrel-macos-x86_64