CRAN Package Check Results for Package GLMaSPU

Last updated on 2024-04-15 11:56:24 CEST.

Flavor Version Tinstall Tcheck Ttotal Status Flags
r-devel-linux-x86_64-debian-clang 1.0 41.46 34.15 75.61 OK
r-devel-linux-x86_64-debian-gcc 1.0 27.12 25.67 52.79 OK
r-devel-linux-x86_64-fedora-clang 1.0 98.03 NOTE
r-devel-linux-x86_64-fedora-gcc 1.0 94.06 NOTE
r-prerel-macos-arm64 1.0 26.00 OK
r-prerel-windows-x86_64 1.0 28.00 65.00 93.00 OK
r-patched-linux-x86_64 1.0 36.01 32.93 68.94 OK
r-release-linux-x86_64 1.0 39.18 33.03 72.21 OK
r-release-macos-arm64 1.0 29.00 OK
r-release-macos-x86_64 1.0 44.00 OK
r-release-windows-x86_64 1.0 35.00 71.00 106.00 OK
r-oldrel-macos-arm64 1.0 30.00 OK
r-oldrel-windows-x86_64 1.0 34.00 68.00 102.00 OK

Check Details

Version: 1.0
Check: compiled code
Result: NOTE File ‘GLMaSPU/libs/GLMaSPU.so’: Found no calls to: ‘R_registerRoutines’, ‘R_useDynamicSymbols’ It is good practice to register native routines and to disable symbol search. See ‘Writing portable packages’ in the ‘Writing R Extensions’ manual. Flavors: r-devel-linux-x86_64-fedora-clang, r-devel-linux-x86_64-fedora-gcc