Last updated on 2023-03-23 03:53:21 CET.
Flavor | Version | Tinstall | Tcheck | Ttotal | Status | Flags |
---|---|---|---|---|---|---|
r-devel-linux-x86_64-debian-clang | 1.0 | 31.22 | 33.52 | 64.74 | OK | |
r-devel-linux-x86_64-debian-gcc | 1.0 | 27.34 | 25.93 | 53.27 | OK | |
r-devel-linux-x86_64-fedora-clang | 1.0 | 98.53 | NOTE | |||
r-devel-linux-x86_64-fedora-gcc | 1.0 | 84.51 | NOTE | |||
r-devel-windows-x86_64 | 1.0 | 35.00 | 78.00 | 113.00 | OK | |
r-patched-linux-x86_64 | 1.0 | 30.48 | 32.90 | 63.38 | OK | |
r-release-linux-x86_64 | 1.0 | 28.02 | 33.03 | 61.05 | OK | |
r-release-macos-arm64 | 1.0 | 27.00 | OK | |||
r-release-macos-x86_64 | 1.0 | 36.00 | OK | |||
r-release-windows-x86_64 | 1.0 | 37.00 | 104.00 | 141.00 | OK | |
r-oldrel-macos-arm64 | 1.0 | 36.00 | OK | |||
r-oldrel-macos-x86_64 | 1.0 | 49.00 | OK | |||
r-oldrel-windows-ix86+x86_64 | 1.0 | 83.00 | 87.00 | 170.00 | OK |
Version: 1.0
Check: compiled code
Result: NOTE
File ‘GLMaSPU/libs/GLMaSPU.so’:
Found no calls to: ‘R_registerRoutines’, ‘R_useDynamicSymbols’
It is good practice to register native routines and to disable symbol
search.
See ‘Writing portable packages’ in the ‘Writing R Extensions’ manual.
Flavors: r-devel-linux-x86_64-fedora-clang, r-devel-linux-x86_64-fedora-gcc