CRAN Package Check Results for Package GLDreg

Last updated on 2025-07-23 21:51:46 CEST.

Flavor Version Tinstall Tcheck Ttotal Status Flags
r-devel-linux-x86_64-debian-clang 1.1.1 3.74 48.20 51.94 NOTE
r-devel-linux-x86_64-debian-gcc 1.1.2 2.87 34.27 37.14 OK
r-devel-linux-x86_64-fedora-clang 1.1.2 86.86 OK
r-devel-linux-x86_64-fedora-gcc 1.1.2 82.68 OK
r-devel-windows-x86_64 1.1.1 6.00 73.00 79.00 NOTE
r-patched-linux-x86_64 1.1.1 3.98 45.58 49.56 NOTE
r-release-linux-x86_64 1.1.1 3.56 45.83 49.39 NOTE
r-release-macos-arm64 1.1.1 27.00 OK
r-release-macos-x86_64 1.1.2 90.00 OK
r-release-windows-x86_64 1.1.1 5.00 80.00 85.00 NOTE
r-oldrel-macos-arm64 1.1.1 28.00 OK
r-oldrel-macos-x86_64 1.1.2 77.00 OK
r-oldrel-windows-x86_64 1.1.1 7.00 89.00 96.00 OK

Check Details

Version: 1.1.1
Check: Rd cross-references
Result: NOTE Found the following Rd file(s) with Rd \link{} targets missing package anchors: GLD.lm.Rd: fun.RMFMKL.ml.m, fun.RMFMKL.ml, fun.RMFMKL.lm, fun.RPRS.ml.m, fun.RPRS.ml, fun.RPRS.lm GLD.lm.full.Rd: fun.RMFMKL.ml.m, fun.RMFMKL.ml, fun.RMFMKL.lm, fun.RPRS.ml.m, fun.RPRS.ml, fun.RPRS.lm GLD.lm.full.surv.Rd: fun.RMFMKL.ml.m, fun.RMFMKL.ml, fun.RPRS.ml.m, fun.RPRS.ml GLD.lm.surv.Rd: fun.RMFMKL.ml.m, fun.RMFMKL.ml, fun.RPRS.ml.m, fun.RPRS.ml qqgld.default.Rd: qqplot.gld, qqplot.gld.bi Please provide package anchors for all Rd \link{} targets not in the package itself and the base packages. Flavors: r-devel-linux-x86_64-debian-clang, r-devel-windows-x86_64, r-patched-linux-x86_64, r-release-linux-x86_64, r-release-windows-x86_64