CRAN Package Check Results for Package GISSB

Last updated on 2024-06-14 02:54:01 CEST.

Flavor Version Tinstall Tcheck Ttotal Status Flags
r-devel-linux-x86_64-debian-clang 1.1 4.99 56.13 61.12 OK
r-devel-linux-x86_64-debian-gcc 1.1 0.41 1.73 2.14 ERROR
r-devel-linux-x86_64-fedora-clang 1.1 76.71 NOTE
r-devel-linux-x86_64-fedora-gcc 1.1 85.28 NOTE
r-devel-windows-x86_64 1.1 7.00 67.00 74.00 OK
r-patched-linux-x86_64 1.1 4.79 54.30 59.09 OK
r-release-linux-x86_64 1.1 3.38 54.54 57.92 OK
r-release-macos-arm64 1.1 56.00 OK
r-release-macos-x86_64 1.1 82.00 OK
r-release-windows-x86_64 1.1 6.00 68.00 74.00 OK
r-oldrel-macos-arm64 1.1 53.00 OK
r-oldrel-macos-x86_64 1.1 79.00 OK
r-oldrel-windows-x86_64 1.1 8.00 75.00 83.00 OK

Check Details

Version: 1.1
Check: package dependencies
Result: ERROR Packages required but not available: 'dplyr', 'igraph', 'purrr', 'reshape2', 'stringr', 'tibble', 'tidygraph', 'tidyselect' Package suggested but not available for checking: ‘testthat’ See section ‘The DESCRIPTION file’ in the ‘Writing R Extensions’ manual. Flavor: r-devel-linux-x86_64-debian-gcc

Version: 1.1
Check: data for non-ASCII characters
Result: NOTE Note: found 866 marked UTF-8 strings Flavors: r-devel-linux-x86_64-fedora-clang, r-devel-linux-x86_64-fedora-gcc