Last updated on 2024-04-20 03:53:03 CEST.
Flavor | Version | Tinstall | Tcheck | Ttotal | Status | Flags |
---|---|---|---|---|---|---|
r-devel-linux-x86_64-debian-clang | 0.8 | 2.66 | 24.37 | 27.03 | OK | |
r-devel-linux-x86_64-debian-gcc | 0.8 | OK | ||||
r-devel-linux-x86_64-fedora-clang | 0.8 | 34.36 | NOTE | |||
r-devel-linux-x86_64-fedora-gcc | 0.8 | 32.55 | OK | |||
r-prerel-macos-arm64 | 0.8 | 15.00 | OK | |||
r-prerel-windows-x86_64 | 0.8 | 5.00 | 44.00 | 49.00 | OK | |
r-patched-linux-x86_64 | 0.8 | 2.81 | 23.05 | 25.86 | OK | |
r-release-linux-x86_64 | 0.8 | 2.66 | 22.37 | 25.03 | OK | |
r-release-macos-arm64 | 0.8 | 17.00 | OK | |||
r-release-macos-x86_64 | 0.8 | 23.00 | OK | |||
r-release-windows-x86_64 | 0.8 | 8.00 | 44.00 | 52.00 | OK | |
r-oldrel-macos-arm64 | 0.8 | 20.00 | OK | |||
r-oldrel-windows-x86_64 | 0.8 | 16.00 | 49.00 | 65.00 | OK |
Version: 0.8
Check: Rd cross-references
Result: NOTE
Undeclared package ‘Runuran’ in Rd xrefs
Flavor: r-devel-linux-x86_64-fedora-clang