CRAN Package Check Results for Package GHS

Last updated on 2024-04-24 21:54:47 CEST.

Flavor Version Tinstall Tcheck Ttotal Status Flags
r-devel-linux-x86_64-debian-clang 0.1 8.81 32.81 41.62 NOTE
r-devel-linux-x86_64-debian-gcc 0.1 8.46 24.93 33.39 NOTE
r-devel-linux-x86_64-fedora-clang 0.1 56.75 NOTE
r-devel-linux-x86_64-fedora-gcc 0.1 53.29 NOTE
r-devel-windows-x86_64 0.1 9.00 44.00 53.00 NOTE
r-patched-linux-x86_64 0.1 8.24 30.84 39.08 NOTE
r-release-linux-x86_64 0.1 9.38 29.74 39.12 NOTE
r-release-macos-arm64 0.1 19.00 NOTE
r-release-windows-x86_64 0.1 9.00 44.00 53.00 NOTE
r-oldrel-macos-arm64 0.1 19.00 NOTE
r-oldrel-macos-x86_64 0.1 28.00 NOTE
r-oldrel-windows-x86_64 0.1 9.00 42.00 51.00 NOTE

Check Details

Version: 0.1
Check: LazyData
Result: NOTE 'LazyData' is specified without a 'data' directory Flavors: r-devel-linux-x86_64-debian-clang, r-devel-linux-x86_64-debian-gcc, r-devel-linux-x86_64-fedora-clang, r-devel-linux-x86_64-fedora-gcc, r-devel-windows-x86_64, r-patched-linux-x86_64, r-release-linux-x86_64, r-release-macos-arm64, r-release-windows-x86_64, r-oldrel-macos-arm64, r-oldrel-macos-x86_64, r-oldrel-windows-x86_64