Last updated on 2023-03-23 12:52:06 CET.
Flavor | Version | Tinstall | Tcheck | Ttotal | Status | Flags |
---|---|---|---|---|---|---|
r-devel-linux-x86_64-debian-clang | 2.1.1 | 39.13 | 114.88 | 154.01 | NOTE | |
r-devel-linux-x86_64-debian-gcc | 2.1.1 | 31.57 | 86.85 | 118.42 | NOTE | |
r-devel-linux-x86_64-fedora-clang | 2.1.1 | 218.24 | NOTE | |||
r-devel-linux-x86_64-fedora-gcc | 2.1.1 | 223.16 | NOTE | |||
r-devel-windows-x86_64 | 2.1.1 | 57.00 | 170.00 | 227.00 | NOTE | |
r-patched-linux-x86_64 | 2.1.1 | 33.36 | 116.86 | 150.22 | OK | |
r-release-linux-x86_64 | 2.1.1 | 34.16 | 116.22 | 150.38 | OK | |
r-release-macos-arm64 | 2.1.1 | 75.00 | NOTE | |||
r-release-macos-x86_64 | 2.1.1 | 171.00 | NOTE | |||
r-release-windows-x86_64 | 2.1.1 | 65.00 | 177.00 | 242.00 | OK | |
r-oldrel-macos-arm64 | 2.1.1 | 60.00 | NOTE | |||
r-oldrel-macos-x86_64 | 2.1.1 | 100.00 | NOTE | |||
r-oldrel-windows-ix86+x86_64 | 2.1.1 | 97.00 | 184.00 | 281.00 | OK |
Version: 2.1.1
Check: C++ specification
Result: NOTE
Specified C++11: please drop specification unless essential
Flavors: r-devel-linux-x86_64-debian-clang, r-devel-linux-x86_64-debian-gcc, r-devel-linux-x86_64-fedora-clang, r-devel-linux-x86_64-fedora-gcc, r-devel-windows-x86_64
Version: 2.1.1
Check: Rd files
Result: NOTE
checkRd: (-1) boot_eip.Rd:50: Escaped LaTeX specials: \&
checkRd: (-1) constrained.Rd:93: Escaped LaTeX specials: \&
Flavors: r-devel-linux-x86_64-debian-clang, r-devel-linux-x86_64-debian-gcc, r-devel-linux-x86_64-fedora-clang, r-devel-linux-x86_64-fedora-gcc, r-devel-windows-x86_64
Version: 2.1.1
Check: dependencies in R code
Result: NOTE
Namespaces in Imports field not imported from:
‘Rdpack’ ‘mathjaxr’
All declared Imports should be used.
Flavors: r-devel-linux-x86_64-fedora-clang, r-devel-linux-x86_64-fedora-gcc, r-release-macos-arm64, r-release-macos-x86_64, r-oldrel-macos-arm64, r-oldrel-macos-x86_64