CRAN Package Check Results for Package GEint

Last updated on 2020-05-26 03:48:20 CEST.

Flavor Version Tinstall Tcheck Ttotal Status Flags
r-devel-linux-x86_64-debian-clang 0.1.5 9.68 171.50 181.18 NOTE
r-devel-linux-x86_64-debian-gcc 0.1.5 6.45 127.35 133.80 NOTE
r-devel-linux-x86_64-fedora-clang 0.1.5 211.68 OK
r-devel-linux-x86_64-fedora-gcc 0.1.5 206.43 OK
r-devel-windows-ix86+x86_64 0.1.5 20.00 218.00 238.00 NOTE
r-patched-linux-x86_64 0.1.5 8.23 168.72 176.95 NOTE
r-patched-solaris-x86 0.1.5 267.80 OK
r-release-linux-x86_64 0.1.5 8.87 166.84 175.71 NOTE
r-release-osx-x86_64 0.1.5 OK
r-release-windows-ix86+x86_64 0.1.5 14.00 230.00 244.00 NOTE
r-oldrel-osx-x86_64 0.1.5 OK
r-oldrel-windows-ix86+x86_64 0.1.5 13.00 215.00 228.00 OK

Check Details

Version: 0.1.5
Check: package vignettes
Result: NOTE
    Package vignette with placeholder title 'Vignette Title':
     'GEint_example.Rmd'
Flavors: r-devel-linux-x86_64-debian-clang, r-devel-linux-x86_64-debian-gcc, r-devel-windows-ix86+x86_64, r-patched-linux-x86_64, r-release-linux-x86_64, r-release-windows-ix86+x86_64