Last updated on 2023-03-28 12:54:41 CEST.
Flavor | Version | Tinstall | Tcheck | Ttotal | Status | Flags |
---|---|---|---|---|---|---|
r-devel-linux-x86_64-debian-clang | 2.0.9 | 5.39 | 43.28 | 48.67 | NOTE | |
r-devel-linux-x86_64-debian-gcc | 2.0.9 | 5.66 | 33.10 | 38.76 | NOTE | |
r-devel-linux-x86_64-fedora-clang | 2.0.9 | 63.41 | NOTE | |||
r-devel-linux-x86_64-fedora-gcc | 2.0.9 | 58.77 | NOTE | |||
r-patched-linux-x86_64 | 2.0.9 | 7.21 | 41.64 | 48.85 | NOTE | |
r-release-linux-x86_64 | 2.0.9 | 5.31 | 41.40 | 46.71 | NOTE | |
r-release-macos-arm64 | 2.0.9 | 24.00 | NOTE | |||
r-release-macos-x86_64 | 2.0.9 | 33.00 | NOTE | |||
r-release-windows-x86_64 | 2.0.9 | 38.00 | 70.00 | 108.00 | NOTE | |
r-oldrel-macos-arm64 | 2.0.9 | 28.00 | NOTE | |||
r-oldrel-macos-x86_64 | 2.0.9 | 44.00 | NOTE | |||
r-oldrel-windows-ix86+x86_64 | 2.0.9 | 11.00 | 65.00 | 76.00 | NOTE |
Version: 2.0.9
Check: LazyData
Result: NOTE
'LazyData' is specified without a 'data' directory
Flavors: r-devel-linux-x86_64-debian-clang, r-devel-linux-x86_64-debian-gcc, r-devel-linux-x86_64-fedora-clang, r-devel-linux-x86_64-fedora-gcc, r-patched-linux-x86_64, r-release-linux-x86_64, r-release-macos-arm64, r-release-macos-x86_64, r-release-windows-x86_64, r-oldrel-macos-arm64, r-oldrel-macos-x86_64, r-oldrel-windows-ix86+x86_64