CRAN Package Check Results for Package GCPM

Last updated on 2022-01-26 21:50:09 CET.

Flavor Version Tinstall Tcheck Ttotal Status Flags
r-devel-linux-x86_64-debian-clang 1.2.2 19.35 57.75 77.10 OK
r-devel-linux-x86_64-debian-gcc 1.2.2 13.33 45.02 58.35 OK
r-devel-linux-x86_64-fedora-clang 1.2.2 96.76 NOTE
r-devel-linux-x86_64-fedora-gcc 1.2.2 86.15 NOTE
r-devel-windows-x86_64-new-UL 1.2.2 91.00 96.00 187.00 OK
r-devel-windows-x86_64-new-TK 1.2.2 OK
r-patched-linux-x86_64 1.2.2 15.15 55.01 70.16 OK
r-release-linux-x86_64 1.2.2 16.07 54.81 70.88 OK
r-release-macos-arm64 1.2.2 OK
r-release-macos-x86_64 1.2.2 OK
r-release-windows-ix86+x86_64 1.2.2 40.00 103.00 143.00 OK
r-oldrel-macos-x86_64 1.2.2 OK
r-oldrel-windows-ix86+x86_64 1.2.2 42.00 103.00 145.00 OK

Check Details

Version: 1.2.2
Check: compiled code
Result: NOTE
    File ‘GCPM/libs/GCPM.so’:
     Found no calls to: ‘R_registerRoutines’, ‘R_useDynamicSymbols’
    
    It is good practice to register native routines and to disable symbol
    search.
    
    See ‘Writing portable packages’ in the ‘Writing R Extensions’ manual.
Flavors: r-devel-linux-x86_64-fedora-clang, r-devel-linux-x86_64-fedora-gcc