Last updated on 2024-04-26 06:49:43 CEST.
Flavor | Version | Tinstall | Tcheck | Ttotal | Status | Flags |
---|---|---|---|---|---|---|
r-devel-linux-x86_64-debian-clang | 1.2.2 | 17.71 | 54.41 | 72.12 | OK | |
r-devel-linux-x86_64-debian-gcc | 1.2.2 | 15.05 | 40.83 | 55.88 | OK | |
r-devel-linux-x86_64-fedora-clang | 1.2.2 | 100.20 | NOTE | |||
r-devel-linux-x86_64-fedora-gcc | 1.2.2 | 93.57 | NOTE | |||
r-devel-windows-x86_64 | 1.2.2 | 18.00 | 92.00 | 110.00 | OK | |
r-patched-linux-x86_64 | 1.2.2 | 19.97 | 51.99 | 71.96 | OK | |
r-release-linux-x86_64 | 1.2.2 | 18.51 | 51.05 | 69.56 | OK | |
r-release-macos-arm64 | 1.2.2 | 30.00 | OK | |||
r-release-windows-x86_64 | 1.2.2 | 17.00 | 93.00 | 110.00 | OK | |
r-oldrel-macos-arm64 | 1.2.2 | 35.00 | OK | |||
r-oldrel-macos-x86_64 | 1.2.2 | 54.00 | OK | |||
r-oldrel-windows-x86_64 | 1.2.2 | 17.00 | 100.00 | 117.00 | OK |
Version: 1.2.2
Check: compiled code
Result: NOTE
File ‘GCPM/libs/GCPM.so’:
Found no calls to: ‘R_registerRoutines’, ‘R_useDynamicSymbols’
It is good practice to register native routines and to disable symbol
search.
See ‘Writing portable packages’ in the ‘Writing R Extensions’ manual.
Flavors: r-devel-linux-x86_64-fedora-clang, r-devel-linux-x86_64-fedora-gcc