CRAN Package Check Results for Package GAGAs

Last updated on 2023-11-29 04:00:58 CET.

Flavor Version Tinstall Tcheck Ttotal Status Flags
r-devel-linux-x86_64-debian-clang 0.6.1 161.80 42.66 204.46 NOTE
r-devel-linux-x86_64-debian-gcc 0.6.1 131.87 42.11 173.98 NOTE
r-devel-linux-x86_64-fedora-clang 0.6.1 283.10 OK
r-devel-linux-x86_64-fedora-gcc 0.6.1 331.80 OK
r-devel-windows-x86_64 0.6.1 119.00 92.00 211.00 OK
r-patched-linux-x86_64 0.6.1 159.99 54.99 214.98 OK
r-release-linux-x86_64 0.6.1 152.72 54.82 207.54 OK
r-release-macos-arm64 0.6.1 83.00 NOTE
r-release-macos-x86_64 0.6.1 137.00 NOTE
r-release-windows-x86_64 0.6.1 150.00 107.00 257.00 OK
r-oldrel-macos-arm64 0.6.1 77.00 NOTE
r-oldrel-macos-x86_64 0.6.1 95.00 NOTE
r-oldrel-windows-x86_64 0.6.1 147.00 92.00 239.00 OK

Check Details

Version: 0.6.1
Check: Rd files
Result: NOTE checkRd: (-1) cpp_multinomial_gaga.Rd:44: Lost braces; missing escapes or markup? 44 | Coefficient matrix with K-1 columns beta_1,...,beta_{K-1} where K is the class number. | ^ checkRd: (-1) multinomial_GAGA.Rd:44: Lost braces; missing escapes or markup? 44 | Coefficient matrix with K-1 columns beta_1,...,beta_{K-1} where K is the class number. | ^ Flavors: r-devel-linux-x86_64-debian-clang, r-devel-linux-x86_64-debian-gcc

Version: 0.6.1
Check: installed package size
Result: NOTE installed size is 42.5Mb sub-directories of 1Mb or more: libs 42.3Mb Flavors: r-release-macos-arm64, r-release-macos-x86_64, r-oldrel-macos-arm64, r-oldrel-macos-x86_64