Last updated on 2024-04-20 12:50:58 CEST.
Flavor | Version | Tinstall | Tcheck | Ttotal | Status | Flags |
---|---|---|---|---|---|---|
r-devel-linux-x86_64-debian-clang | 0.99.0 | 44.10 | 43.55 | 87.65 | NOTE | |
r-devel-linux-x86_64-debian-gcc | 0.99.0 | 27.95 | 32.16 | 60.11 | NOTE | |
r-devel-linux-x86_64-fedora-clang | 0.99.0 | 108.24 | NOTE | |||
r-devel-linux-x86_64-fedora-gcc | 0.99.0 | 105.26 | NOTE | |||
r-prerel-macos-arm64 | 0.99.0 | 30.00 | NOTE | |||
r-prerel-windows-x86_64 | 0.99.0 | 29.00 | 75.00 | 104.00 | NOTE | |
r-patched-linux-x86_64 | 0.99.0 | 37.87 | 42.27 | 80.14 | NOTE | |
r-release-linux-x86_64 | 0.99.0 | 33.20 | 42.32 | 75.52 | OK | |
r-release-macos-arm64 | 0.99.0 | 34.00 | OK | |||
r-release-macos-x86_64 | 0.99.0 | 46.00 | OK | |||
r-release-windows-x86_64 | 0.99.0 | 38.00 | 82.00 | 120.00 | OK | |
r-oldrel-macos-arm64 | 0.99.0 | 36.00 | OK | |||
r-oldrel-windows-x86_64 | 0.99.0 | 37.00 | 82.00 | 119.00 | OK |
Version: 0.99.0
Check: Rd files
Result: NOTE
checkRd: (-1) GADAG_Run.Rd:22: Lost braces in \itemize; meant \describe ?
checkRd: (-1) GADAG_Run.Rd:23: Lost braces in \itemize; meant \describe ?
checkRd: (-1) GADAG_Run.Rd:24: Lost braces in \itemize; meant \describe ?
checkRd: (-1) GADAG_Run.Rd:25: Lost braces in \itemize; meant \describe ?
checkRd: (-1) GADAG_Run.Rd:26: Lost braces in \itemize; meant \describe ?
checkRd: (-1) GADAG_Run.Rd:27: Lost braces in \itemize; meant \describe ?
checkRd: (-1) GADAG_Run.Rd:32: Lost braces in \itemize; meant \describe ?
checkRd: (-1) GADAG_Run.Rd:33: Lost braces in \itemize; meant \describe ?
checkRd: (-1) GADAG_Run.Rd:45: Lost braces in \itemize; \value handles \item{}{} directly
checkRd: (-1) GADAG_Run.Rd:46: Lost braces in \itemize; \value handles \item{}{} directly
checkRd: (-1) GADAG_Run.Rd:47: Lost braces in \itemize; \value handles \item{}{} directly
checkRd: (-1) GADAG_Run.Rd:48: Lost braces in \itemize; \value handles \item{}{} directly
checkRd: (-1) GADAG_Run.Rd:49: Lost braces in \itemize; \value handles \item{}{} directly
checkRd: (-1) GADAG_Run.Rd:50: Lost braces in \itemize; \value handles \item{}{} directly
checkRd: (-1) GADAG_Run.Rd:51: Lost braces in \itemize; \value handles \item{}{} directly
checkRd: (-1) GADAG_Run.Rd:52: Lost braces in \itemize; \value handles \item{}{} directly
checkRd: (-1) GADAG_Run.Rd:53: Lost braces in \itemize; \value handles \item{}{} directly
checkRd: (-1) GADAG_Run.Rd:54: Lost braces in \itemize; \value handles \item{}{} directly
checkRd: (-1) GADAG_Run.Rd:55: Lost braces in \itemize; \value handles \item{}{} directly
checkRd: (-1) GADAG_Run.Rd:56: Lost braces in \itemize; \value handles \item{}{} directly
checkRd: (-1) evaluation.Rd:21: Lost braces in \itemize; meant \describe ?
checkRd: (-1) evaluation.Rd:22: Lost braces in \itemize; meant \describe ?
checkRd: (-1) evaluation.Rd:30: Lost braces in \itemize; \value handles \item{}{} directly
checkRd: (-1) evaluation.Rd:31: Lost braces in \itemize; \value handles \item{}{} directly
checkRd: (-1) evaluation.Rd:36: Lost braces in \itemize; \value handles \item{}{} directly
checkRd: (-1) evaluation.Rd:37: Lost braces in \itemize; \value handles \item{}{} directly
checkRd: (-1) generateToyData.Rd:29: Lost braces in \itemize; meant \describe ?
checkRd: (-1) generateToyData.Rd:30: Lost braces in \itemize; meant \describe ?
checkRd: (-1) generateToyData.Rd:31: Lost braces in \itemize; meant \describe ?
checkRd: (-1) generateToyData.Rd:32: Lost braces in \itemize; meant \describe ?
checkRd: (-1) generateToyData.Rd:33: Lost braces in \itemize; meant \describe ?
checkRd: (-1) generateToyData.Rd:34: Lost braces in \itemize; meant \describe ?
Flavors: r-devel-linux-x86_64-debian-clang, r-devel-linux-x86_64-debian-gcc, r-devel-linux-x86_64-fedora-clang, r-devel-linux-x86_64-fedora-gcc, r-prerel-macos-arm64, r-prerel-windows-x86_64, r-patched-linux-x86_64