Last updated on 2025-02-04 03:49:48 CET.
Flavor | Version | Tinstall | Tcheck | Ttotal | Status | Flags |
---|---|---|---|---|---|---|
r-devel-linux-x86_64-debian-clang | 0.9.5 | 6.45 | 31.54 | 37.99 | OK | |
r-devel-linux-x86_64-debian-gcc | 0.9.5 | 4.12 | 23.67 | 27.79 | OK | |
r-devel-linux-x86_64-fedora-clang | 0.9.5 | 61.77 | OK | |||
r-devel-linux-x86_64-fedora-gcc | 0.9.5 | 77.69 | OK | |||
r-devel-windows-x86_64 | 0.9.5 | 6.00 | 60.00 | 66.00 | OK | |
r-patched-linux-x86_64 | 0.9.5 | 6.16 | 29.17 | 35.33 | NOTE | |
r-release-linux-x86_64 | 0.9.5 | 5.77 | 29.45 | 35.22 | NOTE | |
r-release-macos-arm64 | 0.9.5 | 29.00 | NOTE | |||
r-release-macos-x86_64 | 0.9.5 | 45.00 | NOTE | |||
r-release-windows-x86_64 | 0.9.5 | 6.00 | 59.00 | 65.00 | NOTE | |
r-oldrel-macos-arm64 | 0.9.5 | 35.00 | NOTE | |||
r-oldrel-macos-x86_64 | 0.9.5 | 44.00 | NOTE | |||
r-oldrel-windows-x86_64 | 0.9.5 | 7.00 | 62.00 | 69.00 | NOTE |
Version: 0.9.5
Check: LazyData
Result: NOTE
'LazyData' is specified without a 'data' directory
Flavors: r-patched-linux-x86_64, r-release-linux-x86_64, r-release-macos-arm64, r-release-macos-x86_64, r-release-windows-x86_64, r-oldrel-macos-arm64, r-oldrel-macos-x86_64, r-oldrel-windows-x86_64