CRAN Package Check Results for Package FuzzyAHP

Last updated on 2023-04-01 11:51:27 CEST.

Flavor Version Tinstall Tcheck Ttotal Status Flags
r-devel-linux-x86_64-debian-clang 0.9.5 6.89 36.73 43.62 NOTE
r-devel-linux-x86_64-debian-gcc 0.9.5 4.91 28.56 33.47 NOTE
r-devel-linux-x86_64-fedora-clang 0.9.5 56.14 NOTE
r-devel-linux-x86_64-fedora-gcc 0.9.5 68.71 NOTE
r-devel-windows-x86_64 0.9.5 13.00 76.00 89.00 NOTE
r-patched-linux-x86_64 0.9.5 7.18 35.73 42.91 NOTE
r-release-linux-x86_64 0.9.5 5.60 36.74 42.34 NOTE
r-release-macos-arm64 0.9.5 24.00 NOTE
r-release-macos-x86_64 0.9.5 32.00 NOTE
r-release-windows-x86_64 0.9.5 91.00 79.00 170.00 NOTE
r-oldrel-macos-arm64 0.9.5 25.00 NOTE
r-oldrel-macos-x86_64 0.9.5 43.00 NOTE
r-oldrel-windows-ix86+x86_64 0.9.5 14.00 64.00 78.00 NOTE

Check Details

Version: 0.9.5
Check: LazyData
Result: NOTE
     'LazyData' is specified without a 'data' directory
Flavors: r-devel-linux-x86_64-debian-clang, r-devel-linux-x86_64-debian-gcc, r-devel-linux-x86_64-fedora-clang, r-devel-linux-x86_64-fedora-gcc, r-devel-windows-x86_64, r-patched-linux-x86_64, r-release-linux-x86_64, r-release-macos-arm64, r-release-macos-x86_64, r-release-windows-x86_64, r-oldrel-macos-arm64, r-oldrel-macos-x86_64, r-oldrel-windows-ix86+x86_64