Last updated on 2024-04-24 12:56:35 CEST.
Flavor | Version | Tinstall | Tcheck | Ttotal | Status | Flags |
---|---|---|---|---|---|---|
r-devel-linux-x86_64-debian-clang | 0.9.5 | 7.05 | 40.71 | 47.76 | NOTE | |
r-devel-linux-x86_64-debian-gcc | 0.9.5 | 5.66 | 29.96 | 35.62 | NOTE | |
r-devel-linux-x86_64-fedora-clang | 0.9.5 | 60.54 | NOTE | |||
r-devel-linux-x86_64-fedora-gcc | 0.9.5 | 75.70 | NOTE | |||
r-devel-windows-x86_64 | 0.9.5 | 7.00 | 59.00 | 66.00 | NOTE | |
r-patched-linux-x86_64 | 0.9.5 | 5.82 | 38.54 | 44.36 | NOTE | |
r-release-linux-x86_64 | 0.9.5 | 5.70 | 35.76 | 41.46 | NOTE | |
r-release-macos-arm64 | 0.9.5 | 35.00 | NOTE | |||
r-release-windows-x86_64 | 0.9.5 | 6.00 | 61.00 | 67.00 | NOTE | |
r-oldrel-macos-arm64 | 0.9.5 | 26.00 | NOTE | |||
r-oldrel-macos-x86_64 | 0.9.5 | 44.00 | NOTE | |||
r-oldrel-windows-x86_64 | 0.9.5 | 10.00 | 61.00 | 71.00 | NOTE |
Version: 0.9.5
Check: LazyData
Result: NOTE
'LazyData' is specified without a 'data' directory
Flavors: r-devel-linux-x86_64-debian-clang, r-devel-linux-x86_64-debian-gcc, r-devel-linux-x86_64-fedora-clang, r-devel-linux-x86_64-fedora-gcc, r-devel-windows-x86_64, r-patched-linux-x86_64, r-release-linux-x86_64, r-release-macos-arm64, r-release-windows-x86_64, r-oldrel-macos-arm64, r-oldrel-macos-x86_64, r-oldrel-windows-x86_64