Last updated on 2024-03-29 12:54:05 CET.
Flavor | Version | Tinstall | Tcheck | Ttotal | Status | Flags |
---|---|---|---|---|---|---|
r-devel-linux-x86_64-debian-clang | 1.0.0 | 2.34 | 36.49 | 38.83 | OK | |
r-devel-linux-x86_64-debian-gcc | 1.0.0 | 1.77 | 25.27 | 27.04 | OK | |
r-devel-linux-x86_64-fedora-clang | 1.0.0 | 47.96 | NOTE | |||
r-devel-linux-x86_64-fedora-gcc | 1.0.0 | 44.07 | NOTE | |||
r-devel-windows-x86_64 | 1.0.0 | 3.00 | 46.00 | 49.00 | OK | |
r-patched-linux-x86_64 | 1.0.0 | 2.40 | 35.41 | 37.81 | OK | |
r-release-linux-x86_64 | 1.0.0 | 2.11 | 33.93 | 36.04 | OK | |
r-release-macos-arm64 | 1.0.0 | 18.00 | OK | |||
r-release-macos-x86_64 | 1.0.0 | 23.00 | OK | |||
r-release-windows-x86_64 | 1.0.0 | 4.00 | 50.00 | 54.00 | OK | |
r-oldrel-macos-arm64 | 1.0.0 | 19.00 | OK | |||
r-oldrel-windows-x86_64 | 1.0.0 | 3.00 | 52.00 | 55.00 | OK |
Version: 1.0.0
Check: dependencies in R code
Result: NOTE
Namespace in Imports field not imported from: ‘psych’
All declared Imports should be used.
Flavors: r-devel-linux-x86_64-fedora-clang, r-devel-linux-x86_64-fedora-gcc