CRAN Package Check Results for Package FracKrigingR

Last updated on 2024-05-26 02:59:55 CEST.

Flavor Version Tinstall Tcheck Ttotal Status Flags
r-devel-linux-x86_64-debian-clang 1.0.0 2.42 36.52 38.94 OK
r-devel-linux-x86_64-debian-gcc 1.0.0 1.83 26.02 27.85 OK
r-devel-linux-x86_64-fedora-clang 1.0.0 47.52 NOTE
r-devel-linux-x86_64-fedora-gcc 1.0.0 44.03 NOTE
r-devel-windows-x86_64 1.0.0 3.00 46.00 49.00 OK
r-patched-linux-x86_64 1.0.0 2.39 32.55 34.94 OK
r-release-linux-x86_64 1.0.0 2.29 34.83 37.12 OK
r-release-macos-arm64 1.0.0 17.00 OK
r-release-windows-x86_64 1.0.0 3.00 46.00 49.00 OK
r-oldrel-macos-arm64 1.0.0 18.00 OK
r-oldrel-macos-x86_64 1.0.0 23.00 OK
r-oldrel-windows-x86_64 1.0.0 3.00 50.00 53.00 OK

Check Details

Version: 1.0.0
Check: dependencies in R code
Result: NOTE Namespace in Imports field not imported from: ‘psych’ All declared Imports should be used. Flavors: r-devel-linux-x86_64-fedora-clang, r-devel-linux-x86_64-fedora-gcc