Last updated on 2022-08-13 12:55:14 CEST.
Flavor | Version | Tinstall | Tcheck | Ttotal | Status | Flags |
---|---|---|---|---|---|---|
r-devel-linux-x86_64-debian-clang | 1.0.0 | 3.30 | 31.20 | 34.50 | OK | |
r-devel-linux-x86_64-debian-gcc | 1.0.0 | 2.64 | 23.70 | 26.34 | OK | |
r-devel-linux-x86_64-fedora-clang | 1.0.0 | 54.58 | NOTE | |||
r-devel-linux-x86_64-fedora-gcc | 1.0.0 | 53.41 | NOTE | |||
r-devel-windows-x86_64 | 1.0.0 | 13.00 | 58.00 | 71.00 | OK | |
r-patched-linux-x86_64 | 1.0.0 | 3.56 | 30.02 | 33.58 | OK | |
r-release-linux-x86_64 | 1.0.0 | 3.27 | 30.12 | 33.39 | OK | |
r-release-macos-arm64 | 1.0.0 | 19.00 | NOTE | |||
r-release-macos-x86_64 | 1.0.0 | 32.00 | NOTE | |||
r-release-windows-x86_64 | 1.0.0 | 10.00 | 59.00 | 69.00 | OK | |
r-oldrel-macos-arm64 | 1.0.0 | 89.00 | NOTE | |||
r-oldrel-macos-x86_64 | 1.0.0 | 24.00 | NOTE | |||
r-oldrel-windows-ix86+x86_64 | 1.0.0 | 8.00 | 51.00 | 59.00 | OK |
Version: 1.0.0
Check: dependencies in R code
Result: NOTE
Namespace in Imports field not imported from: ‘LaplacesDemon’
All declared Imports should be used.
Flavors: r-devel-linux-x86_64-fedora-clang, r-devel-linux-x86_64-fedora-gcc, r-release-macos-arm64, r-release-macos-x86_64, r-oldrel-macos-arm64, r-oldrel-macos-x86_64