Last updated on 2024-04-28 02:53:47 CEST.
Flavor | Version | Tinstall | Tcheck | Ttotal | Status | Flags |
---|---|---|---|---|---|---|
r-devel-linux-x86_64-debian-clang | 1.0.1 | 3.07 | 22.91 | 25.98 | OK | |
r-devel-linux-x86_64-debian-gcc | 1.0.1 | 2.33 | 17.25 | 19.58 | OK | |
r-devel-linux-x86_64-fedora-clang | 1.0.1 | 32.67 | NOTE | |||
r-devel-linux-x86_64-fedora-gcc | 1.0.1 | 31.01 | NOTE | |||
r-devel-windows-x86_64 | 1.0.1 | 3.00 | 39.00 | 42.00 | OK | |
r-patched-linux-x86_64 | 1.0.1 | 3.12 | 21.50 | 24.62 | OK | |
r-release-linux-x86_64 | 1.0.1 | 2.72 | 21.99 | 24.71 | OK | |
r-release-macos-arm64 | 1.0.1 | 21.00 | OK | |||
r-release-windows-x86_64 | 1.0.1 | 4.00 | 38.00 | 42.00 | OK | |
r-oldrel-macos-arm64 | 1.0.1 | 17.00 | OK | |||
r-oldrel-macos-x86_64 | 1.0.1 | 23.00 | OK | |||
r-oldrel-windows-x86_64 | 1.0.1 | 4.00 | 40.00 | 44.00 | OK |
Version: 1.0.1
Check: dependencies in R code
Result: NOTE
Namespaces in Imports field not imported from:
‘R6’ ‘httr’ ‘jsonlite’
All declared Imports should be used.
Flavors: r-devel-linux-x86_64-fedora-clang, r-devel-linux-x86_64-fedora-gcc