CRAN Package Check Results for Package ForestTools

Last updated on 2020-05-28 12:48:39 CEST.

Flavor Version Tinstall Tcheck Ttotal Status Flags
r-devel-linux-x86_64-debian-clang 0.2.1 4.96 372.69 377.65 OK
r-devel-linux-x86_64-debian-gcc 0.2.1 4.46 236.91 241.37 OK
r-devel-linux-x86_64-fedora-clang 0.2.1 373.04 NOTE
r-devel-linux-x86_64-fedora-gcc 0.2.1 357.55 NOTE
r-devel-windows-ix86+x86_64 0.2.1 18.00 396.00 414.00 OK
r-patched-linux-x86_64 0.2.1 5.35 342.35 347.70 OK
r-patched-solaris-x86 0.2.1 440.10 NOTE
r-release-linux-x86_64 0.2.1 4.46 321.94 326.40 OK
r-release-osx-x86_64 0.2.1 NOTE
r-release-windows-ix86+x86_64 0.2.1 11.00 279.00 290.00 OK
r-oldrel-osx-x86_64 0.2.1 NOTE
r-oldrel-windows-ix86+x86_64 0.2.1 8.00 306.00 314.00 OK

Check Details

Version: 0.2.1
Check: dependencies in R code
Result: NOTE
    Namespace in Imports field not imported from: ‘methods’
     All declared Imports should be used.
Flavors: r-devel-linux-x86_64-fedora-clang, r-devel-linux-x86_64-fedora-gcc, r-patched-solaris-x86, r-release-osx-x86_64, r-oldrel-osx-x86_64