CRAN Package Check Results for Package FlyingR

Last updated on 2023-03-27 12:54:21 CEST.

Flavor Version Tinstall Tcheck Ttotal Status Flags
r-devel-linux-x86_64-debian-clang 0.2.2 44.27 68.08 112.35 OK
r-devel-linux-x86_64-debian-gcc 0.2.2 32.11 51.95 84.06 OK
r-devel-linux-x86_64-fedora-clang 0.2.2 158.86 NOTE
r-devel-linux-x86_64-fedora-gcc 0.2.2 147.58 NOTE
r-devel-windows-x86_64 0.2.2 70.00 117.00 187.00 OK
r-patched-linux-x86_64 0.2.2 33.90 63.28 97.18 OK
r-release-linux-x86_64 0.2.2 30.37 66.35 96.72 OK
r-release-macos-arm64 0.2.2 45.00 NOTE
r-release-macos-x86_64 0.2.2 56.00 NOTE
r-release-windows-x86_64 0.2.2 50.00 131.00 181.00 OK
r-oldrel-macos-arm64 0.2.2 39.00 NOTE
r-oldrel-macos-x86_64 0.2.2 56.00 NOTE
r-oldrel-windows-ix86+x86_64 0.2.2 100.00 156.00 256.00 OK

Check Details

Version: 0.2.2
Check: dependencies in R code
Result: NOTE
    Namespaces in Imports field not imported from:
     ‘kableExtra’ ‘knitr’ ‘rmarkdown’
     All declared Imports should be used.
Flavors: r-devel-linux-x86_64-fedora-clang, r-devel-linux-x86_64-fedora-gcc, r-release-macos-arm64, r-release-macos-x86_64, r-oldrel-macos-arm64, r-oldrel-macos-x86_64