Last updated on 2025-02-22 12:50:28 CET.
Flavor | Version | Tinstall | Tcheck | Ttotal | Status | Flags |
---|---|---|---|---|---|---|
r-devel-linux-x86_64-debian-clang | 0.1.1 | 3.17 | 30.73 | 33.90 | NOTE | |
r-devel-linux-x86_64-debian-gcc | 0.1.1 | 2.18 | 22.31 | 24.49 | NOTE | |
r-devel-linux-x86_64-fedora-clang | 0.1.1 | 52.41 | NOTE | |||
r-devel-linux-x86_64-fedora-gcc | 0.1.1 | 51.71 | NOTE | |||
r-devel-macos-arm64 | 0.1.1 | 18.00 | NOTE | |||
r-devel-macos-x86_64 | 0.1.1 | 37.00 | NOTE | |||
r-devel-windows-x86_64 | 0.1.1 | 4.00 | 53.00 | 57.00 | NOTE | |
r-patched-linux-x86_64 | 0.1.1 | 2.66 | 29.11 | 31.77 | NOTE | |
r-release-linux-x86_64 | 0.1.1 | 2.44 | 29.22 | 31.66 | NOTE | |
r-release-macos-arm64 | 0.1.1 | 21.00 | NOTE | |||
r-release-macos-x86_64 | 0.1.1 | 36.00 | NOTE | |||
r-release-windows-x86_64 | 0.1.1 | 4.00 | 52.00 | 56.00 | NOTE | |
r-oldrel-macos-arm64 | 0.1.1 | 20.00 | OK | |||
r-oldrel-macos-x86_64 | 0.1.1 | 29.00 | OK | |||
r-oldrel-windows-x86_64 | 0.1.1 | 6.00 | 57.00 | 63.00 | OK |
Version: 0.1.1
Check: Rd files
Result: NOTE
checkRd: (-1) flowdata.Rd:10: Lost braces; missing escapes or markup?
10 | \item{Flow}{Water flow, in m^{3}/s}
| ^
Flavors: r-devel-linux-x86_64-debian-clang, r-devel-linux-x86_64-debian-gcc, r-devel-linux-x86_64-fedora-clang, r-devel-linux-x86_64-fedora-gcc, r-devel-macos-arm64, r-devel-macos-x86_64, r-devel-windows-x86_64, r-patched-linux-x86_64, r-release-linux-x86_64, r-release-macos-arm64, r-release-macos-x86_64, r-release-windows-x86_64