CRAN Package Check Results for Package FishPhyloMaker

Last updated on 2024-03-03 04:12:20 CET.

Flavor Version Tinstall Tcheck Ttotal Status Flags
r-devel-linux-x86_64-debian-clang 0.2.0 3.99 43.63 47.62 OK
r-devel-linux-x86_64-debian-gcc 0.2.0 3.51 32.72 36.23 OK
r-devel-linux-x86_64-fedora-clang 0.2.0 61.93 NOTE
r-devel-linux-x86_64-fedora-gcc 0.2.0 66.81 NOTE
r-devel-windows-x86_64 0.2.0 5.00 60.00 65.00 OK
r-patched-linux-x86_64 0.2.0 5.07 42.18 47.25 OK
r-release-linux-x86_64 0.2.0 2.86 42.41 45.27 OK
r-release-macos-arm64 0.2.0 31.00 OK
r-release-macos-x86_64 0.2.0 40.00 OK
r-release-windows-x86_64 0.2.0 6.00 64.00 70.00 OK
r-oldrel-macos-arm64 0.2.0 21.00 NOTE
r-oldrel-windows-x86_64 0.2.0 6.00 63.00 69.00 OK

Check Details

Version: 0.2.0
Check: dependencies in R code
Result: NOTE Namespaces in Imports field not imported from: ‘knitr’ ‘rmarkdown’ ‘utils’ All declared Imports should be used. Flavors: r-devel-linux-x86_64-fedora-clang, r-devel-linux-x86_64-fedora-gcc, r-oldrel-macos-arm64