Last updated on 2024-04-25 03:53:59 CEST.
Flavor | Version | Tinstall | Tcheck | Ttotal | Status | Flags |
---|---|---|---|---|---|---|
r-devel-linux-x86_64-debian-clang | 1.1.4 | 250.33 | 99.76 | 350.09 | OK | |
r-devel-linux-x86_64-debian-gcc | 1.1.4 | 210.64 | 74.01 | 284.65 | OK | |
r-devel-linux-x86_64-fedora-clang | 1.1.4 | 480.12 | OK | |||
r-devel-linux-x86_64-fedora-gcc | 1.1.4 | 535.18 | OK | |||
r-devel-windows-x86_64 | 1.1.4 | 202.00 | 127.00 | 329.00 | NOTE | |
r-patched-linux-x86_64 | 1.1.4 | 254.08 | 98.67 | 352.75 | OK | |
r-release-linux-x86_64 | 1.1.4 | 256.94 | 96.38 | 353.32 | OK | |
r-release-macos-arm64 | 1.1.4 | 97.00 | NOTE | |||
r-release-windows-x86_64 | 1.1.4 | 191.00 | 120.00 | 311.00 | NOTE | |
r-oldrel-macos-arm64 | 1.1.4 | 120.00 | NOTE | |||
r-oldrel-macos-x86_64 | 1.1.4 | 213.00 | NOTE | |||
r-oldrel-windows-x86_64 | 1.1.4 | 240.00 | 149.00 | 389.00 | NOTE |
Version: 1.1.4
Check: installed package size
Result: NOTE
installed size is 5.7Mb
sub-directories of 1Mb or more:
lib 3.0Mb
libs 2.3Mb
Flavors: r-devel-windows-x86_64, r-release-macos-arm64, r-release-windows-x86_64, r-oldrel-macos-arm64, r-oldrel-macos-x86_64, r-oldrel-windows-x86_64