CRAN Package Check Results for Package FinePop

Last updated on 2020-02-17 12:47:41 CET.

Flavor Version Tinstall Tcheck Ttotal Status Flags
r-devel-linux-x86_64-debian-clang 1.5.1 3.67 36.22 39.89 NOTE
r-devel-linux-x86_64-debian-gcc 1.5.1 3.18 28.77 31.95 NOTE
r-devel-linux-x86_64-fedora-clang 1.5.1 49.67 NOTE
r-devel-windows-ix86+x86_64 1.5.1 6.00 55.00 61.00 OK
r-devel-windows-ix86+x86_64-gcc8 1.5.1 10.00 71.00 81.00 OK
r-patched-linux-x86_64 1.5.1 3.16 32.69 35.85 OK
r-patched-solaris-x86 1.5.1 67.70 OK
r-release-linux-x86_64 1.5.1 2.94 32.59 35.53 OK
r-release-windows-ix86+x86_64 1.5.1 6.00 48.00 54.00 OK
r-release-osx-x86_64 1.5.1 OK
r-oldrel-windows-ix86+x86_64 1.5.1 4.00 43.00 47.00 OK
r-oldrel-osx-x86_64 1.5.1 OK

Check Details

Version: 1.5.1
Check: for non-standard things in the check directory
Result: NOTE
    Found the following files/directories:
     'AH_genepop.txt' 'AH_popname.txt' 'JSM_MS_freq.txt'
     'JSM_MS_genepop.txt' 'JSM_genepop_clipped_both.txt'
     'JSM_genepop_clipped_maf.txt' 'JSM_genepop_clipped_name.txt'
     'JSM_mtDNA_freq.txt' 'JSM_popname.txt' 'result_DJ.csv'
     'result_EBDJ.csv' 'result_EBFST.csv' 'result_EBFST_mtDNA.csv'
     'result_EBGstH.csv' 'result_GstH.csv' 'result_GstN.csv'
     'result_GstNC.csv' 'result_thetaWCpair.csv'
Flavors: r-devel-linux-x86_64-debian-clang, r-devel-linux-x86_64-debian-gcc, r-devel-linux-x86_64-fedora-clang