CRAN Package Check Results for Package FinePop

Last updated on 2020-09-18 21:51:27 CEST.

Flavor Version Tinstall Tcheck Ttotal Status Flags
r-devel-linux-x86_64-debian-clang 1.5.1 3.62 36.15 39.77 NOTE
r-devel-linux-x86_64-debian-gcc 1.5.1 3.20 29.75 32.95 NOTE
r-devel-linux-x86_64-fedora-clang 1.5.1 58.40 NOTE
r-devel-linux-x86_64-fedora-gcc 1.5.1 51.23 NOTE
r-devel-windows-ix86+x86_64 1.5.1 8.00 46.00 54.00 OK
r-patched-linux-x86_64 1.5.1 4.01 36.14 40.15 NOTE
r-patched-solaris-x86 1.5.1 72.60 NOTE
r-release-linux-x86_64 1.5.1 3.94 35.46 39.40 NOTE
r-release-macos-x86_64 1.5.1 OK
r-release-windows-ix86+x86_64 1.5.1 8.00 61.00 69.00 OK
r-oldrel-macos-x86_64 1.5.1 OK
r-oldrel-windows-ix86+x86_64 1.5.1 4.00 58.00 62.00 OK

Check Details

Version: 1.5.1
Check: for non-standard things in the check directory
Result: NOTE
    Found the following files/directories:
     'AH_genepop.txt' 'AH_popname.txt' 'JSM_MS_freq.txt'
     'JSM_MS_genepop.txt' 'JSM_genepop_clipped_both.txt'
     'JSM_genepop_clipped_maf.txt' 'JSM_genepop_clipped_name.txt'
     'JSM_mtDNA_freq.txt' 'JSM_popname.txt' 'result_DJ.csv'
     'result_EBDJ.csv' 'result_EBFST.csv' 'result_EBFST_mtDNA.csv'
     'result_EBGstH.csv' 'result_GstH.csv' 'result_GstN.csv'
     'result_GstNC.csv' 'result_thetaWCpair.csv'
Flavors: r-devel-linux-x86_64-debian-clang, r-devel-linux-x86_64-debian-gcc, r-devel-linux-x86_64-fedora-clang, r-devel-linux-x86_64-fedora-gcc, r-patched-linux-x86_64, r-patched-solaris-x86, r-release-linux-x86_64