Last updated on 2025-01-20 21:48:22 CET.
Flavor | Version | Tinstall | Tcheck | Ttotal | Status | Flags |
---|---|---|---|---|---|---|
r-devel-linux-x86_64-debian-clang | 1.3.1 | 7.72 | 53.69 | 61.41 | NOTE | |
r-devel-linux-x86_64-debian-gcc | 1.3.1 | 5.50 | 38.02 | 43.52 | NOTE | |
r-devel-linux-x86_64-fedora-clang | 1.3.1 | 100.32 | OK | |||
r-devel-linux-x86_64-fedora-gcc | 1.3.1 | 94.29 | OK | |||
r-devel-windows-x86_64 | 1.3.1 | 9.00 | 82.00 | 91.00 | NOTE | |
r-patched-linux-x86_64 | 1.3.1 | 11.69 | 50.82 | 62.51 | OK | |
r-release-linux-x86_64 | 1.3.1 | 8.33 | 50.51 | 58.84 | OK | |
r-release-macos-arm64 | 1.3.1 | 29.00 | OK | |||
r-release-macos-x86_64 | 1.3.1 | 58.00 | OK | |||
r-release-windows-x86_64 | 1.3.1 | 11.00 | 79.00 | 90.00 | OK | |
r-oldrel-macos-arm64 | 1.3.1 | 32.00 | OK | |||
r-oldrel-macos-x86_64 | 1.3.1 | 49.00 | OK | |||
r-oldrel-windows-x86_64 | 1.3.1 | 13.00 | 90.00 | 103.00 | OK |
Version: 1.3.1
Check: Rd cross-references
Result: NOTE
Found the following Rd file(s) with Rd \link{} targets missing package
anchors:
instrument.auto.Rd: setSymbolLookup
Please provide package anchors for all Rd \link{} targets not in the
package itself and the base packages.
Flavors: r-devel-linux-x86_64-debian-clang, r-devel-linux-x86_64-debian-gcc, r-devel-windows-x86_64