Last updated on 2023-09-29 12:56:57 CEST.
Flavor | Version | Tinstall | Tcheck | Ttotal | Status | Flags |
---|---|---|---|---|---|---|
r-devel-linux-x86_64-debian-clang | 1.3.1 | 34.11 | 758.94 | 793.05 | OK | |
r-devel-linux-x86_64-debian-gcc | 1.3.1 | 26.31 | 526.13 | 552.44 | OK | |
r-devel-linux-x86_64-fedora-clang | 1.3.1 | 941.45 | NOTE | |||
r-devel-linux-x86_64-fedora-gcc | 1.3.1 | 927.28 | OK | |||
r-devel-windows-x86_64 | 1.3.1 | 25.00 | 475.00 | 500.00 | NOTE | |
r-patched-linux-x86_64 | 1.3.1 | 27.79 | 713.60 | 741.39 | OK | |
r-release-linux-x86_64 | 1.3.1 | 20.34 | 732.15 | 752.49 | OK | |
r-release-macos-arm64 | 1.3.1 | 240.00 | NOTE | |||
r-release-macos-x86_64 | 1.3.1 | 555.00 | NOTE | |||
r-release-windows-x86_64 | 1.3.1 | 37.00 | 644.00 | 681.00 | NOTE | |
r-oldrel-macos-arm64 | 1.3.1 | 200.00 | NOTE | |||
r-oldrel-macos-x86_64 | 1.3.1 | 284.00 | NOTE | |||
r-oldrel-windows-x86_64 | 1.3.1 | 37.00 | 641.00 | 678.00 | NOTE |
Version: 1.3.1
Check: installed package size
Result: NOTE
installed size is 5.3Mb
sub-directories of 1Mb or more:
R 1.0Mb
doc 2.2Mb
help 1.1Mb
Flavors: r-devel-linux-x86_64-fedora-clang, r-devel-windows-x86_64, r-release-macos-arm64, r-release-macos-x86_64, r-release-windows-x86_64, r-oldrel-macos-arm64, r-oldrel-macos-x86_64, r-oldrel-windows-x86_64